Last updated on 2025-11-24 00:48:41 CET.
| Flavor | Version | Tinstall | Tcheck | Ttotal | Status | Flags |
|---|---|---|---|---|---|---|
| r-devel-linux-x86_64-debian-clang | 1.0 | 7.22 | 66.39 | 73.61 | NOTE | |
| r-devel-linux-x86_64-debian-gcc | 1.0 | 5.51 | 50.45 | 55.96 | NOTE | |
| r-devel-linux-x86_64-fedora-clang | 1.0 | 15.00 | 97.03 | 112.03 | OK | |
| r-devel-windows-x86_64 | 1.0 | 12.00 | 90.00 | 102.00 | OK | |
| r-patched-linux-x86_64 | 1.0 | 6.55 | 63.69 | 70.24 | OK | |
| r-release-linux-x86_64 | 1.0 | 7.08 | 63.84 | 70.92 | OK | |
| r-release-macos-arm64 | 1.0 | OK | ||||
| r-release-macos-x86_64 | 1.0 | 8.00 | 85.00 | 93.00 | OK | |
| r-release-windows-x86_64 | 1.0 | 8.00 | 93.00 | 101.00 | OK | |
| r-oldrel-macos-arm64 | 1.0 | OK | ||||
| r-oldrel-macos-x86_64 | 1.0 | 5.00 | 46.00 | 51.00 | OK | |
| r-oldrel-windows-x86_64 | 1.0 | 10.00 | 95.00 | 105.00 | OK |
Version: 1.0
Check: CRAN incoming feasibility
Result: NOTE
Maintainer: ‘Huixia Judy Wang <judywang@gwu.edu>’
No Authors@R field in DESCRIPTION.
Please add one, modifying
Authors@R: person(given = c("Huixia", "Judy"),
family = "Wang",
role = c("aut", "cre"),
email = "judywang@gwu.edu")
as necessary.
Flavors: r-devel-linux-x86_64-debian-clang, r-devel-linux-x86_64-debian-gcc