CRAN Package Check Results for Package Dict

Last updated on 2025-07-18 01:49:12 CEST.

Flavor Version Tinstall Tcheck Ttotal Status Flags
r-devel-linux-x86_64-debian-clang 0.1.0 2.89 23.51 26.40 OK
r-devel-linux-x86_64-debian-gcc 0.1.0 2.22 19.50 21.72 OK
r-devel-linux-x86_64-fedora-clang 0.1.0 40.14 NOTE
r-devel-linux-x86_64-fedora-gcc 0.1.0 36.90 NOTE
r-devel-windows-x86_64 0.1.0 4.00 49.00 53.00 OK
r-patched-linux-x86_64 0.1.0 2.96 21.18 24.14 OK
r-release-linux-x86_64 0.1.0 2.70 21.26 23.96 OK
r-release-macos-arm64 0.1.0 20.00 OK
r-release-macos-x86_64 0.1.0 35.00 OK
r-release-windows-x86_64 0.1.0 6.00 47.00 53.00 OK
r-oldrel-macos-arm64 0.1.0 18.00 NOTE
r-oldrel-macos-x86_64 0.1.0 23.00 NOTE
r-oldrel-windows-x86_64 0.1.0 5.00 53.00 58.00 NOTE

Check Details

Version: 0.1.0
Check: dependencies in R code
Result: NOTE Namespaces in Imports field not imported from: ‘R6’ ‘dplyr’ ‘purrr’ All declared Imports should be used. Flavors: r-devel-linux-x86_64-fedora-clang, r-devel-linux-x86_64-fedora-gcc

Version: 0.1.0
Check: LazyData
Result: NOTE 'LazyData' is specified without a 'data' directory Flavors: r-oldrel-macos-arm64, r-oldrel-macos-x86_64, r-oldrel-windows-x86_64