CRAN Package Check Results for Package DTDA

Last updated on 2025-11-24 00:48:40 CET.

Flavor Version Tinstall Tcheck Ttotal Status Flags
r-devel-linux-x86_64-debian-clang 3.0.1 11.07 66.72 77.79 NOTE
r-devel-linux-x86_64-debian-gcc 3.0.1 8.45 43.47 51.92 NOTE
r-devel-linux-x86_64-fedora-clang 3.0.1 34.00 96.59 130.59 NOTE
r-devel-windows-x86_64 3.0.1 16.00 71.00 87.00 NOTE
r-patched-linux-x86_64 3.0.1 15.48 60.00 75.48 NOTE
r-release-linux-x86_64 3.0.1 14.39 60.85 75.24 NOTE
r-release-macos-arm64 3.0.1 NOTE
r-release-macos-x86_64 3.0.1 14.00 55.00 69.00 NOTE
r-release-windows-x86_64 3.0.1 15.00 84.00 99.00 NOTE
r-oldrel-macos-arm64 3.0.1 NOTE
r-oldrel-macos-x86_64 3.0.1 10.00 39.00 49.00 NOTE
r-oldrel-windows-x86_64 3.0.1 21.00 90.00 111.00 NOTE

Check Details

Version: 3.0.1
Check: CRAN incoming feasibility
Result: NOTE Maintainer: ‘Carla Moreira <carlamgmm@gmail.com>’ No Authors@R field in DESCRIPTION. Please add one, modifying Authors@R: c(person(given = "Carla", family = "Moreira", role = c("aut", "cre"), email = "carlamgmm@gmail.com"), person(given = "Jacobo", family = "de Uña-Álvarez", role = "aut"), person(given = "Rosa", family = "Crujeiras", role = "aut")) as necessary. Flavors: r-devel-linux-x86_64-debian-clang, r-devel-linux-x86_64-debian-gcc

Version: 3.0.1
Check: Rd files
Result: NOTE checkRd: (-1) efron.petrosian.Rd:22: Lost braces 22 | \item{error}{ Numeric value. Maximum pointwise error when estimating the density associated to X (f) in two consecutive steps. If this is missing, it is $1e{-06}$.} | ^ checkRd: (-1) lynden.Rd:21: Lost braces 21 | \item{error}{ Numeric value. Maximum pointwise error when estimating the density associated to X (f) in two consecutive steps. If this is missing, it is $1e{-06}$.} | ^ checkRd: (-1) shen.Rd:24: Lost braces 24 | \item{error}{ Numeric value. Maximum pointwise error when estimating the density associated to X (f) in two consecutive steps. If this is missing, it is $1e{-06}$.} | ^ Flavors: r-devel-linux-x86_64-debian-clang, r-devel-linux-x86_64-debian-gcc, r-devel-linux-x86_64-fedora-clang, r-devel-windows-x86_64, r-patched-linux-x86_64, r-release-linux-x86_64, r-release-macos-arm64, r-release-macos-x86_64, r-release-windows-x86_64, r-oldrel-macos-arm64, r-oldrel-macos-x86_64, r-oldrel-windows-x86_64