CRAN Package Check Results for Package CommonJavaJars

Last updated on 2025-05-12 01:49:08 CEST.

Flavor Version Tinstall Tcheck Ttotal Status Flags
r-devel-linux-x86_64-debian-clang 1.1-0 2.22 22.13 24.35 NOTE
r-devel-linux-x86_64-debian-gcc 1.1-0 1.64 18.36 20.00 NOTE
r-devel-linux-x86_64-fedora-clang 1.1-0 38.59 OK
r-devel-linux-x86_64-fedora-gcc 1.1-0 50.34 OK
r-devel-windows-x86_64 1.1-0 3.00 53.00 56.00 OK
r-patched-linux-x86_64 1.1-0 2.06 21.50 23.56 OK
r-release-linux-x86_64 1.1-0 1.73 21.17 22.90 OK
r-release-macos-arm64 1.1-0 25.00 OK
r-release-macos-x86_64 1.1-0 46.00 OK
r-release-windows-x86_64 1.1-0 3.00 52.00 55.00 OK
r-oldrel-macos-arm64 1.1-0 28.00 NOTE
r-oldrel-macos-x86_64 1.1-0 59.00 NOTE
r-oldrel-windows-x86_64 1.1-0 4.00 55.00 59.00 NOTE

Check Details

Version: 1.1-0
Check: CRAN incoming feasibility
Result: NOTE Maintainer: ‘Kornelius Rohmeyer <rohmeyer@small-projects.de>’ No Authors@R field in DESCRIPTION. Please add one, modifying Authors@R: c(person(given = "Kornelius", family = "Rohmeyer", role = c("aut", "cre"), email = "rohmeyer@small-projects.de", comment = c(ROR = "R package")), person(given = c("see", "COPYRIGHTS", "file", "for", "the", "authors", "of", "the", "java"), family = "libraries", role = "aut")) as necessary. Flavors: r-devel-linux-x86_64-debian-clang, r-devel-linux-x86_64-debian-gcc

Version: 1.1-0
Check: installed package size
Result: NOTE installed size is 7.0Mb sub-directories of 1Mb or more: java 6.7Mb Flavors: r-oldrel-macos-arm64, r-oldrel-macos-x86_64, r-oldrel-windows-x86_64