CRAN Package Check Results for Package Cleanet

Last updated on 2024-12-30 00:49:13 CET.

Flavor Version Tinstall Tcheck Ttotal Status Flags
r-devel-linux-x86_64-debian-clang 1.0.0 23.61 87.42 111.03 OK
r-devel-linux-x86_64-debian-gcc 1.0.0 15.98 65.09 81.07 OK
r-devel-linux-x86_64-fedora-clang 1.0.0 189.89 OK
r-devel-linux-x86_64-fedora-gcc 1.0.0 192.97 OK
r-devel-windows-x86_64 1.0.0 26.00 115.00 141.00 OK
r-patched-linux-x86_64 1.0.0 22.36 83.19 105.55 OK
r-release-linux-x86_64 1.0.0 21.33 85.26 106.59 OK
r-release-macos-arm64 1.0.0 65.00 NOTE
r-release-macos-x86_64 1.0.0 106.00 NOTE
r-release-windows-x86_64 1.0.0 32.00 135.00 167.00 NOTE
r-oldrel-macos-arm64 1.0.0 55.00 NOTE
r-oldrel-macos-x86_64 1.0.0 124.00 NOTE
r-oldrel-windows-x86_64 1.0.0 34.00 136.00 170.00 NOTE

Check Details

Version: 1.0.0
Check: installed package size
Result: NOTE installed size is 6.5Mb sub-directories of 1Mb or more: extdata 5.3Mb Flavors: r-release-macos-arm64, r-release-macos-x86_64, r-release-windows-x86_64, r-oldrel-macos-arm64, r-oldrel-macos-x86_64, r-oldrel-windows-x86_64