CRAN Package Check Results for Package CNAIM

Last updated on 2025-06-27 01:49:28 CEST.

Flavor Version Tinstall Tcheck Ttotal Status Flags
r-devel-linux-x86_64-debian-clang 2.1.4 21.10 153.12 174.22 NOTE
r-devel-linux-x86_64-debian-gcc 2.1.4 12.55 99.36 111.91 NOTE
r-devel-linux-x86_64-fedora-clang 2.1.4 276.58 OK
r-devel-linux-x86_64-fedora-gcc 2.1.4 275.14 OK
r-devel-windows-x86_64 2.1.4 25.00 186.00 211.00 OK
r-patched-linux-x86_64 OK
r-release-linux-x86_64 2.1.4 22.08 140.06 162.14 OK
r-release-macos-arm64 2.1.4 87.00 OK
r-release-macos-x86_64 2.1.4 148.00 OK
r-release-windows-x86_64 2.1.4 25.00 190.00 215.00 OK
r-oldrel-macos-arm64 2.1.4 68.00 OK
r-oldrel-macos-x86_64 2.1.4 110.00 OK
r-oldrel-windows-x86_64 2.1.4 34.00 232.00 266.00 OK

Check Details

Version: 2.1.4
Check: CRAN incoming feasibility
Result: NOTE Maintainer: ‘Mohsin Vindhani <mohsin@utiligize.com>’ Package CITATION file contains call(s) to old-style personList() or as.personList(). Please use c() on person objects instead. Package CITATION file contains call(s) to old-style citEntry(). Please use bibentry() instead. Flavors: r-devel-linux-x86_64-debian-clang, r-devel-linux-x86_64-debian-gcc