Last updated on 2025-11-24 00:48:35 CET.
| Flavor | Version | Tinstall | Tcheck | Ttotal | Status | Flags |
|---|---|---|---|---|---|---|
| r-devel-linux-x86_64-debian-clang | 1.0.10 | 4.71 | 55.25 | 59.96 | NOTE | |
| r-devel-linux-x86_64-debian-gcc | 1.0.10 | 3.65 | 40.61 | 44.26 | NOTE | |
| r-devel-linux-x86_64-fedora-clang | 1.0.10 | 11.00 | 80.86 | 91.86 | NOTE | |
| r-devel-windows-x86_64 | 1.0.10 | 7.00 | 70.00 | 77.00 | OK | |
| r-patched-linux-x86_64 | 1.0.10 | 3.52 | 53.42 | 56.94 | NOTE | |
| r-release-linux-x86_64 | 1.0.10 | 4.53 | 53.12 | 57.65 | NOTE | |
| r-release-macos-arm64 | 1.0.10 | OK | ||||
| r-release-macos-x86_64 | 1.0.10 | 4.00 | 51.00 | 55.00 | OK | |
| r-release-windows-x86_64 | 1.0.10 | 7.00 | 81.00 | 88.00 | OK | |
| r-oldrel-macos-arm64 | 1.0.10 | OK | ||||
| r-oldrel-macos-x86_64 | 1.0.10 | 5.00 | 75.00 | 80.00 | OK | |
| r-oldrel-windows-x86_64 | 1.0.10 | 6.00 | 85.00 | 91.00 | OK |
Version: 1.0.10
Check: CRAN incoming feasibility
Result: NOTE
Maintainer: ‘Ewoud De Troyer <ewoud.detroyer@uhasselt.be>’
No Authors@R field in DESCRIPTION.
Please add one, modifying
Authors@R: c(person(given = "Aregay",
family = "Mengsteab",
role = "aut"),
person(given = "Martin",
family = "Otava",
role = "aut"),
person(given = "Tatsiana",
family = "Khamiakova",
role = "aut"),
person(given = "Ewoud",
family = "De Troyer",
role = c("aut", "cre"),
email = "ewoud.detroyer@uhasselt.be"))
as necessary.
Flavors: r-devel-linux-x86_64-debian-clang, r-devel-linux-x86_64-debian-gcc
Version: 1.0.10
Check: for non-standard things in the check directory
Result: NOTE
Found the following files/directories:
‘fabiabreast.txt’
Flavors: r-devel-linux-x86_64-debian-clang, r-devel-linux-x86_64-debian-gcc, r-devel-linux-x86_64-fedora-clang, r-patched-linux-x86_64, r-release-linux-x86_64