Last updated on 2025-05-09 01:49:59 CEST.
Flavor | Version | Tinstall | Tcheck | Ttotal | Status | Flags |
---|---|---|---|---|---|---|
r-devel-linux-x86_64-debian-clang | 0.3.3 | 14.79 | 110.59 | 125.38 | NOTE | |
r-devel-linux-x86_64-debian-gcc | 0.3.3 | 9.65 | 79.58 | 89.23 | NOTE | |
r-devel-linux-x86_64-fedora-clang | 0.3.3 | 205.20 | NOTE | |||
r-devel-linux-x86_64-fedora-gcc | 0.3.3 | 213.75 | NOTE | |||
r-devel-windows-x86_64 | 0.3.3 | 14.00 | 111.00 | 125.00 | NOTE | |
r-patched-linux-x86_64 | 0.3.3 | 14.40 | 103.07 | 117.47 | NOTE | |
r-release-linux-x86_64 | 0.3.3 | 14.18 | 104.01 | 118.19 | NOTE | |
r-release-macos-arm64 | 0.3.3 | 67.00 | NOTE | |||
r-release-macos-x86_64 | 0.3.3 | 127.00 | NOTE | |||
r-release-windows-x86_64 | 0.3.3 | 15.00 | 111.00 | 126.00 | NOTE | |
r-oldrel-macos-arm64 | 0.3.3 | 60.00 | NOTE | |||
r-oldrel-macos-x86_64 | 0.3.3 | 90.00 | NOTE | |||
r-oldrel-windows-x86_64 | 0.3.3 | 20.00 | 143.00 | 163.00 | NOTE |
Version: 0.3.3
Check: Rd files
Result: NOTE
checkRd: (-1) posteriorFeasibility.Rd:25: Escaped LaTeX specials: \#
checkRd: (-1) sp500Returns.Rd:4: Escaped LaTeX specials: \&
Flavors: r-devel-linux-x86_64-debian-clang, r-devel-linux-x86_64-debian-gcc, r-devel-linux-x86_64-fedora-clang, r-devel-linux-x86_64-fedora-gcc, r-devel-windows-x86_64, r-patched-linux-x86_64, r-release-linux-x86_64, r-release-macos-arm64, r-release-macos-x86_64, r-release-windows-x86_64, r-oldrel-macos-arm64, r-oldrel-macos-x86_64, r-oldrel-windows-x86_64
Version: 0.3.3
Check: dependencies in R code
Result: NOTE
Namespaces in Imports field not imported from:
‘knitr’ ‘rmarkdown’
All declared Imports should be used.
Flavors: r-devel-linux-x86_64-fedora-clang, r-devel-linux-x86_64-fedora-gcc