Last updated on 2025-11-24 00:48:36 CET.
| Flavor | Version | Tinstall | Tcheck | Ttotal | Status | Flags |
|---|---|---|---|---|---|---|
| r-devel-linux-x86_64-debian-clang | 3.0.3 | 24.81 | 67.74 | 92.55 | NOTE | |
| r-devel-linux-x86_64-debian-gcc | 3.0.3 | 17.18 | 45.58 | 62.76 | NOTE | |
| r-devel-linux-x86_64-fedora-clang | 3.0.3 | 48.00 | 96.58 | 144.58 | NOTE | |
| r-devel-windows-x86_64 | 3.0.3 | 29.00 | 84.00 | 113.00 | OK | |
| r-patched-linux-x86_64 | 3.0.3 | 27.52 | 63.48 | 91.00 | OK | |
| r-release-linux-x86_64 | 3.0.3 | 24.42 | 62.34 | 86.76 | OK | |
| r-release-macos-arm64 | 3.0.3 | OK | ||||
| r-release-macos-x86_64 | 3.0.3 | 31.00 | 67.00 | 98.00 | OK | |
| r-release-windows-x86_64 | 3.0.3 | 30.00 | 92.00 | 122.00 | OK | |
| r-oldrel-macos-arm64 | 3.0.3 | OK | ||||
| r-oldrel-macos-x86_64 | 3.0.3 | 39.00 | 66.00 | 105.00 | OK | |
| r-oldrel-windows-x86_64 | 3.0.3 | 41.00 | 95.00 | 136.00 | OK |
Version: 3.0.3
Check: CRAN incoming feasibility
Result: NOTE
Maintainer: ‘Steve Mack <Steven.Mack@ucsf.edu>’
No Authors@R field in DESCRIPTION.
Please add one, modifying
Authors@R: c(person(given = "Derek",
family = "Pappas",
role = "aut",
email = "djpappas75@gmail.com"),
person(given = "Steve",
family = "Mack",
role = c("aut", "cre"),
email = "Steven.Mack@ucsf.edu"),
person(given = "Jill",
family = "Hollenbach",
role = "aut",
email = "Jill.Hollenbach@ucsf.edu"))
as necessary.
Flavors: r-devel-linux-x86_64-debian-clang, r-devel-linux-x86_64-debian-gcc
Version: 3.0.3
Check: dependencies in R code
Result: NOTE
Namespace in Imports field not imported from: ‘httr’
All declared Imports should be used.
Flavor: r-devel-linux-x86_64-fedora-clang