Last updated on 2025-05-12 01:49:05 CEST.
Flavor | Version | Tinstall | Tcheck | Ttotal | Status | Flags |
---|---|---|---|---|---|---|
r-devel-linux-x86_64-debian-clang | 1.3 | 13.38 | 126.50 | 139.88 | NOTE | |
r-devel-linux-x86_64-debian-gcc | 1.3 | 9.75 | 89.48 | 99.23 | NOTE | |
r-devel-linux-x86_64-fedora-clang | 1.3 | 209.63 | OK | |||
r-devel-linux-x86_64-fedora-gcc | 1.3 | 215.37 | OK | |||
r-devel-windows-x86_64 | 1.3 | 16.00 | 124.00 | 140.00 | OK | |
r-patched-linux-x86_64 | 1.3 | 13.43 | 114.87 | 128.30 | OK | |
r-release-linux-x86_64 | 1.3 | 13.80 | 117.40 | 131.20 | OK | |
r-release-macos-arm64 | 1.3 | 65.00 | OK | |||
r-release-macos-x86_64 | 1.3 | 115.00 | OK | |||
r-release-windows-x86_64 | 1.3 | 15.00 | 123.00 | 138.00 | OK | |
r-oldrel-macos-arm64 | 1.3 | 64.00 | OK | |||
r-oldrel-macos-x86_64 | 1.3 | 89.00 | OK | |||
r-oldrel-windows-x86_64 | 1.3 | 19.00 | 156.00 | 175.00 | OK |
Version: 1.3
Check: CRAN incoming feasibility
Result: NOTE
Maintainer: ‘Pengyi Yang <yangpy7@gmail.com>’
No Authors@R field in DESCRIPTION.
Please add one, modifying
Authors@R: person(given = "Pengyi",
family = "Yang",
role = c("aut", "cre"),
email = "yangpy7@gmail.com")
as necessary.
Flavors: r-devel-linux-x86_64-debian-clang, r-devel-linux-x86_64-debian-gcc