Last updated on 2025-07-18 01:49:07 CEST.
Flavor | Version | Tinstall | Tcheck | Ttotal | Status | Flags |
---|---|---|---|---|---|---|
r-devel-linux-x86_64-debian-clang | 1.0.4.3 | 16.35 | 80.39 | 96.74 | NOTE | |
r-devel-linux-x86_64-debian-gcc | 1.1.0 | 35.30 | 63.84 | 99.14 | OK | |
r-devel-linux-x86_64-fedora-clang | 1.1.0 | 252.72 | OK | |||
r-devel-linux-x86_64-fedora-gcc | 1.1.0 | 232.70 | OK | |||
r-devel-windows-x86_64 | 1.0.4.3 | 24.00 | 105.00 | 129.00 | NOTE | |
r-patched-linux-x86_64 | 1.0.4.3 | 16.65 | 77.39 | 94.04 | NOTE | |
r-release-linux-x86_64 | 1.0.4.3 | 16.99 | 77.32 | 94.31 | NOTE | |
r-release-macos-arm64 | 1.0.4.3 | 46.00 | OK | |||
r-release-macos-x86_64 | 1.1.0 | 109.00 | OK | |||
r-release-windows-x86_64 | 1.0.4.3 | 27.00 | 104.00 | 131.00 | NOTE | |
r-oldrel-macos-arm64 | 1.0.4.3 | 48.00 | OK | |||
r-oldrel-macos-x86_64 | 1.1.0 | 109.00 | OK | |||
r-oldrel-windows-x86_64 | 1.0.4.3 | 28.00 | 127.00 | 155.00 | OK |
Version: 1.0.4.3
Check: CRAN incoming feasibility
Result: NOTE
Maintainer: ‘Markus Belfrage <markus.belfrage@gmail.com>’
No Authors@R field in DESCRIPTION.
Please add one, modifying
Authors@R: person(given = "Markus",
family = "Belfrage",
role = c("aut", "cre"),
email = "markus.belfrage@gmail.com")
as necessary.
Flavor: r-devel-linux-x86_64-debian-clang
Version: 1.0.4.3
Check: Rd cross-references
Result: NOTE
Found the following Rd file(s) with Rd \link{} targets missing package
anchors:
acdFit.Rd: solnp
plotScatterAcd.Rd: stat_smooth
Please provide package anchors for all Rd \link{} targets not in the
package itself and the base packages.
Flavors: r-devel-linux-x86_64-debian-clang, r-devel-windows-x86_64, r-patched-linux-x86_64, r-release-linux-x86_64, r-release-windows-x86_64