Last updated on 2024-06-14 01:51:53 CEST.
Flavor | Version | Tinstall | Tcheck | Ttotal | Status | Flags |
---|---|---|---|---|---|---|
r-devel-linux-x86_64-debian-clang | 1.6.0 | 2.02 | 24.16 | 26.18 | OK | |
r-devel-linux-x86_64-debian-gcc | 1.6.0 | 0.37 | 1.69 | 2.06 | ERROR | |
r-devel-linux-x86_64-fedora-clang | 1.6.0 | 34.28 | OK | |||
r-devel-linux-x86_64-fedora-gcc | 1.6.0 | 32.83 | OK | |||
r-devel-windows-x86_64 | 1.6.0 | 3.00 | 42.00 | 45.00 | OK | |
r-patched-linux-x86_64 | 1.6.0 | 2.58 | 24.04 | 26.62 | OK | |
r-release-linux-x86_64 | 1.6.0 | 1.50 | 24.20 | 25.70 | OK | |
r-release-macos-arm64 | 1.6.0 | 15.00 | OK | |||
r-release-macos-x86_64 | 1.6.0 | 22.00 | OK | |||
r-release-windows-x86_64 | 1.6.0 | 4.00 | 43.00 | 47.00 | OK | |
r-oldrel-macos-arm64 | 1.6.0 | 23.00 | OK | |||
r-oldrel-macos-x86_64 | 1.6.0 | 37.00 | OK | |||
r-oldrel-windows-x86_64 | 1.6.0 | 4.00 | 44.00 | 48.00 | OK |
Version: 1.6.0
Check: package dependencies
Result: ERROR
Packages required but not available: 'dplyr', 'readr', 'readxl'
See section ‘The DESCRIPTION file’ in the ‘Writing R Extensions’
manual.
Flavor: r-devel-linux-x86_64-debian-gcc