Last updated on 2024-06-17 01:48:45 CEST.
Flavor | Version | Tinstall | Tcheck | Ttotal | Status | Flags |
---|---|---|---|---|---|---|
r-devel-linux-x86_64-debian-clang | 1.0.1 | 26.03 | 122.82 | 148.85 | OK | |
r-devel-linux-x86_64-debian-gcc | 1.0.1 | 22.04 | 88.66 | 110.70 | OK | |
r-devel-linux-x86_64-fedora-clang | 1.0.1 | 184.89 | NOTE | |||
r-devel-linux-x86_64-fedora-gcc | 1.0.1 | 172.48 | OK | |||
r-devel-windows-x86_64 | 1.0.1 | 25.00 | 105.00 | 130.00 | NOTE | |
r-patched-linux-x86_64 | 1.0.1 | 26.08 | 116.66 | 142.74 | OK | |
r-release-linux-x86_64 | 1.0.1 | 16.74 | 118.21 | 134.95 | OK | |
r-release-macos-arm64 | 1.0.1 | 54.00 | NOTE | |||
r-release-macos-x86_64 | 1.0.1 | 77.00 | NOTE | |||
r-release-windows-x86_64 | 1.0.1 | 28.00 | 114.00 | 142.00 | NOTE | |
r-oldrel-macos-arm64 | 1.0.1 | 59.00 | NOTE | |||
r-oldrel-macos-x86_64 | 1.0.1 | 86.00 | NOTE | |||
r-oldrel-windows-x86_64 | 1.0.1 | 30.00 | 128.00 | 158.00 | NOTE |
Version: 1.0.1
Check: installed package size
Result: NOTE
installed size is 6.0Mb
sub-directories of 1Mb or more:
data 5.7Mb
Flavors: r-devel-linux-x86_64-fedora-clang, r-devel-windows-x86_64, r-release-macos-arm64, r-release-macos-x86_64, r-release-windows-x86_64, r-oldrel-macos-arm64, r-oldrel-macos-x86_64, r-oldrel-windows-x86_64