Last updated on 2024-05-20 01:49:36 CEST.
Flavor | Version | Tinstall | Tcheck | Ttotal | Status | Flags |
---|---|---|---|---|---|---|
r-devel-linux-x86_64-debian-clang | 0.8-5 | 14.79 | 241.73 | 256.52 | NOTE | |
r-devel-linux-x86_64-debian-gcc | 0.8-5 | 9.97 | 184.03 | 194.00 | NOTE | |
r-devel-linux-x86_64-fedora-clang | 0.8-5 | 247.49 | NOTE | |||
r-devel-linux-x86_64-fedora-gcc | 0.8-5 | 246.45 | NOTE | |||
r-devel-windows-x86_64 | 0.8-5 | 14.00 | 205.00 | 219.00 | NOTE | |
r-patched-linux-x86_64 | 0.8-5 | 17.94 | 233.37 | 251.31 | NOTE | |
r-release-linux-x86_64 | 0.8-5 | 11.13 | 226.40 | 237.53 | NOTE | |
r-release-macos-arm64 | 0.8-5 | 106.00 | NOTE | |||
r-release-windows-x86_64 | 0.8-5 | 15.00 | 197.00 | 212.00 | NOTE | |
r-oldrel-macos-arm64 | 0.8-5 | 91.00 | OK | |||
r-oldrel-macos-x86_64 | 0.8-5 | 178.00 | OK | |||
r-oldrel-windows-x86_64 | 0.8-5 | 20.00 | 254.00 | 274.00 | OK |
Version: 0.8-5
Check: Rd files
Result: NOTE
checkRd: (-1) datasets.Rd:15: Lost braces
15 | and dimension information (\code{dim} or code{length}) of each item,
| ^
Flavors: r-devel-linux-x86_64-debian-clang, r-devel-linux-x86_64-debian-gcc, r-devel-linux-x86_64-fedora-clang, r-devel-linux-x86_64-fedora-gcc, r-devel-windows-x86_64, r-patched-linux-x86_64, r-release-linux-x86_64, r-release-macos-arm64, r-release-windows-x86_64
Version: 0.8-5
Check: Rd cross-references
Result: NOTE
Undeclared package ‘factoextra’ in Rd xrefs
Flavor: r-devel-linux-x86_64-fedora-clang