Last updated on 2024-06-14 01:51:52 CEST.
Flavor | Version | Tinstall | Tcheck | Ttotal | Status | Flags |
---|---|---|---|---|---|---|
r-devel-linux-x86_64-debian-clang | 0.1.2 | 2.25 | 24.50 | 26.75 | OK | |
r-devel-linux-x86_64-debian-gcc | 0.1.2 | 1.50 | 18.09 | 19.59 | ERROR | |
r-devel-linux-x86_64-fedora-clang | 0.1.2 | 34.30 | OK | |||
r-devel-linux-x86_64-fedora-gcc | 0.1.2 | 32.27 | OK | |||
r-devel-windows-x86_64 | 0.1.2 | 3.00 | 40.00 | 43.00 | OK | |
r-patched-linux-x86_64 | 0.1.2 | 2.25 | 24.08 | 26.33 | OK | |
r-release-linux-x86_64 | 0.1.2 | 2.21 | 23.78 | 25.99 | OK | |
r-release-macos-arm64 | 0.1.2 | 15.00 | OK | |||
r-release-macos-x86_64 | 0.1.2 | 21.00 | OK | |||
r-release-windows-x86_64 | 0.1.2 | 4.00 | 42.00 | 46.00 | OK | |
r-oldrel-macos-arm64 | 0.1.2 | 21.00 | OK | |||
r-oldrel-macos-x86_64 | 0.1.2 | 37.00 | OK | |||
r-oldrel-windows-x86_64 | 0.1.2 | 4.00 | 44.00 | 48.00 | OK |
Version: 0.1.2
Check: package dependencies
Result: NOTE
Package suggested but not available for checking: ‘testthat’
Flavor: r-devel-linux-x86_64-debian-gcc
Version: 0.1.2
Check: tests
Result: ERROR
Running ‘spelling.R’ [0s/0s]
Running ‘testthat.R’ [0s/1s]
Running the tests in ‘tests/testthat.R’ failed.
Complete output:
> library(testthat)
Error in library(testthat) : there is no package called 'testthat'
Execution halted
Flavor: r-devel-linux-x86_64-debian-gcc