Last updated on 2024-05-20 01:49:36 CEST.
Flavor | Version | Tinstall | Tcheck | Ttotal | Status | Flags |
---|---|---|---|---|---|---|
r-devel-linux-x86_64-debian-clang | 0.3-4 | 38.28 | 119.01 | 157.29 | OK | |
r-devel-linux-x86_64-debian-gcc | 0.3-4 | 45.14 | 83.31 | 128.45 | OK | |
r-devel-linux-x86_64-fedora-clang | 0.3-4 | 198.39 | NOTE | |||
r-devel-linux-x86_64-fedora-gcc | 0.3-4 | 283.76 | NOTE | |||
r-devel-windows-x86_64 | 0.3-4 | 45.00 | 107.00 | 152.00 | OK | |
r-patched-linux-x86_64 | 0.3-4 | 41.74 | 108.57 | 150.31 | OK | |
r-release-linux-x86_64 | 0.3-4 | 37.69 | 109.90 | 147.59 | OK | |
r-release-macos-arm64 | 0.3-4 | 80.00 | OK | |||
r-release-windows-x86_64 | 0.3-4 | 46.00 | 108.00 | 154.00 | OK | |
r-oldrel-macos-arm64 | 0.3-4 | 82.00 | OK | |||
r-oldrel-macos-x86_64 | 0.3-4 | 144.00 | OK | |||
r-oldrel-windows-x86_64 | 0.3-4 | 56.00 | 134.00 | 190.00 | OK |
Version: 0.3-4
Check: installed package size
Result: NOTE
installed size is 6.1Mb
sub-directories of 1Mb or more:
libs 5.8Mb
Flavor: r-devel-linux-x86_64-fedora-clang
Version: 0.3-4
Check: compiled code
Result: NOTE
File ‘tseriesTARMA/libs/tseriesTARMA.so’:
Found no calls to: ‘R_registerRoutines’, ‘R_useDynamicSymbols’
It is good practice to register native routines and to disable symbol
search.
See ‘Writing portable packages’ in the ‘Writing R Extensions’ manual.
Flavors: r-devel-linux-x86_64-fedora-clang, r-devel-linux-x86_64-fedora-gcc