Last updated on 2024-05-20 01:49:35 CEST.
Flavor | Version | Tinstall | Tcheck | Ttotal | Status | Flags |
---|---|---|---|---|---|---|
r-devel-linux-x86_64-debian-clang | 0.1.2 | 6.79 | 72.21 | 79.00 | NOTE | |
r-devel-linux-x86_64-debian-gcc | 0.1.2 | 4.92 | 54.88 | 59.80 | NOTE | |
r-devel-linux-x86_64-fedora-clang | 0.1.2 | 101.50 | NOTE | |||
r-devel-linux-x86_64-fedora-gcc | 0.1.2 | 135.78 | NOTE | |||
r-devel-windows-x86_64 | 0.1.2 | 7.00 | 88.00 | 95.00 | NOTE | |
r-patched-linux-x86_64 | 0.1.2 | 7.06 | 69.70 | 76.76 | NOTE | |
r-release-linux-x86_64 | 0.1.2 | 4.86 | 68.63 | 73.49 | NOTE | |
r-release-macos-arm64 | 0.1.2 | 42.00 | NOTE | |||
r-release-windows-x86_64 | 0.1.2 | 6.00 | 86.00 | 92.00 | NOTE | |
r-oldrel-macos-arm64 | 0.1.2 | 40.00 | OK | |||
r-oldrel-macos-x86_64 | 0.1.2 | 59.00 | OK | |||
r-oldrel-windows-x86_64 | 0.1.2 | 10.00 | 94.00 | 104.00 | OK |
Version: 0.1.2
Check: Rd files
Result: NOTE
checkRd: (-1) Data.Rd:10: Lost braces in \itemize; meant \describe ?
checkRd: (-1) Data.Rd:11: Lost braces in \itemize; meant \describe ?
checkRd: (-1) Data.Rd:12: Lost braces in \itemize; meant \describe ?
checkRd: (-1) Data.Rd:13: Lost braces in \itemize; meant \describe ?
checkRd: (-1) Data.Rd:14: Lost braces in \itemize; meant \describe ?
checkRd: (-1) Data.Rd:15: Lost braces in \itemize; meant \describe ?
checkRd: (-1) Data.Rd:16: Lost braces in \itemize; meant \describe ?
checkRd: (-1) Data.Rd:17: Lost braces in \itemize; meant \describe ?
Flavors: r-devel-linux-x86_64-debian-clang, r-devel-linux-x86_64-debian-gcc, r-devel-linux-x86_64-fedora-clang, r-devel-linux-x86_64-fedora-gcc, r-devel-windows-x86_64, r-patched-linux-x86_64, r-release-linux-x86_64, r-release-macos-arm64, r-release-windows-x86_64