Last updated on 2024-05-20 01:49:35 CEST.
Flavor | Version | Tinstall | Tcheck | Ttotal | Status | Flags |
---|---|---|---|---|---|---|
r-devel-linux-x86_64-debian-clang | 0.6.1 | 14.61 | 153.91 | 168.52 | OK | |
r-devel-linux-x86_64-debian-gcc | 0.6.1 | 14.10 | 114.61 | 128.71 | OK | |
r-devel-linux-x86_64-fedora-clang | 0.6.1 | 222.32 | OK | |||
r-devel-linux-x86_64-fedora-gcc | 0.6.1 | 216.41 | OK | |||
r-devel-windows-x86_64 | 0.6.1 | 15.00 | 123.00 | 138.00 | OK | |
r-patched-linux-x86_64 | 0.6.1 | 13.26 | 145.93 | 159.19 | OK | |
r-release-linux-x86_64 | 0.6.1 | 11.11 | 146.37 | 157.48 | OK | |
r-release-macos-arm64 | 0.6.1 | 66.00 | OK | |||
r-release-macos-x86_64 | 0.6.1 | 188.00 | NOTE | |||
r-release-windows-x86_64 | 0.6.1 | 15.00 | 125.00 | 140.00 | OK | |
r-oldrel-macos-arm64 | 0.6.1 | 71.00 | NOTE | |||
r-oldrel-macos-x86_64 | 0.6.1 | 143.00 | NOTE | |||
r-oldrel-windows-x86_64 | 0.6.1 | 20.00 | 148.00 | 168.00 | OK |
Version: 0.6.1
Check: package dependencies
Result: NOTE
Package suggested but not available for checking: ‘theftdlc’
Flavors: r-release-macos-x86_64, r-oldrel-macos-arm64, r-oldrel-macos-x86_64