Last updated on 2024-06-03 01:48:29 CEST.
Flavor | Version | Tinstall | Tcheck | Ttotal | Status | Flags |
---|---|---|---|---|---|---|
r-devel-linux-x86_64-debian-clang | 2.4-22 | 43.67 | 61.89 | 105.56 | OK | --no-vignettes |
r-devel-linux-x86_64-debian-gcc | 2.4-22 | 29.03 | 46.00 | 75.03 | OK | --no-vignettes |
r-devel-linux-x86_64-fedora-clang | 2.4-22 | 159.76 | NOTE | --no-vignettes | ||
r-devel-linux-x86_64-fedora-gcc | 2.4-22 | 133.15 | OK | --no-vignettes | ||
r-devel-windows-x86_64 | 2.4-22 | 47.00 | 148.00 | 195.00 | OK | --no-examples --no-tests --no-vignettes |
r-patched-linux-x86_64 | 2.4-22 | 38.37 | 59.71 | 98.08 | OK | --no-vignettes |
r-release-linux-x86_64 | 2.4-22 | 37.73 | 60.71 | 98.44 | OK | --no-vignettes |
r-release-macos-arm64 | 2.4-22 | 38.00 | NOTE | --no-vignettes | ||
r-release-windows-x86_64 | 2.4-22 | 46.00 | 76.00 | 122.00 | OK | --no-examples --no-tests --no-vignettes |
r-oldrel-macos-arm64 | 2.4-22 | 41.00 | NOTE | --no-vignettes | ||
r-oldrel-macos-x86_64 | 2.4-22 | 77.00 | NOTE | --no-vignettes | ||
r-oldrel-windows-x86_64 | 2.4-22 | 53.00 | 73.00 | 126.00 | OK | --no-examples --no-tests --no-vignettes |
Version: 2.4-22
Flags: --no-vignettes
Check: Rd cross-references
Result: NOTE
Undeclared package ‘akima’ in Rd xrefs
Flavor: r-devel-linux-x86_64-fedora-clang
Version: 2.4-22
Flags: --no-vignettes
Check: installed package size
Result: NOTE
installed size is 5.2Mb
sub-directories of 1Mb or more:
doc 2.6Mb
libs 2.1Mb
Flavors: r-release-macos-arm64, r-oldrel-macos-arm64, r-oldrel-macos-x86_64