Last updated on 2024-06-17 01:48:43 CEST.
Flavor | Version | Tinstall | Tcheck | Ttotal | Status | Flags |
---|---|---|---|---|---|---|
r-devel-linux-x86_64-debian-clang | 0.2.6.2 | 39.73 | 299.94 | 339.67 | NOTE | |
r-devel-linux-x86_64-debian-gcc | 0.2.6.2 | 27.32 | 225.62 | 252.94 | NOTE | |
r-devel-linux-x86_64-fedora-clang | 0.2.6.2 | 453.64 | NOTE | |||
r-devel-linux-x86_64-fedora-gcc | 0.2.6.2 | 479.02 | NOTE | |||
r-devel-windows-x86_64 | 0.2.6.2 | 32.00 | 342.00 | 374.00 | NOTE | |
r-patched-linux-x86_64 | 0.2.6.2 | 32.96 | 322.33 | 355.29 | NOTE | |
r-release-linux-x86_64 | 0.2.6.2 | 33.66 | 326.20 | 359.86 | NOTE | |
r-release-macos-arm64 | 0.2.6.2 | 114.00 | NOTE | |||
r-release-macos-x86_64 | 0.2.6.2 | 186.00 | NOTE | |||
r-release-windows-x86_64 | 0.2.6.2 | 34.00 | 357.00 | 391.00 | NOTE | |
r-oldrel-macos-arm64 | 0.2.6.2 | 143.00 | NOTE | |||
r-oldrel-macos-x86_64 | 0.2.6.2 | 262.00 | NOTE | |||
r-oldrel-windows-x86_64 | 0.2.6.2 | 39.00 | 486.00 | 525.00 | NOTE |
Version: 0.2.6.2
Check: C++ specification
Result: NOTE
Specified C++11: please drop specification unless essential
Flavors: r-devel-linux-x86_64-debian-clang, r-devel-linux-x86_64-debian-gcc, r-devel-linux-x86_64-fedora-clang, r-devel-linux-x86_64-fedora-gcc, r-devel-windows-x86_64, r-patched-linux-x86_64, r-release-linux-x86_64, r-release-macos-arm64, r-release-macos-x86_64, r-release-windows-x86_64, r-oldrel-macos-arm64, r-oldrel-macos-x86_64, r-oldrel-windows-x86_64
Version: 0.2.6.2
Check: Rd files
Result: NOTE
checkRd: (-1) plot.supc.Rd:13: Lost braces in \itemize; meant \describe ?
Flavors: r-devel-linux-x86_64-debian-clang, r-devel-linux-x86_64-debian-gcc, r-devel-linux-x86_64-fedora-clang, r-devel-linux-x86_64-fedora-gcc, r-devel-windows-x86_64, r-patched-linux-x86_64, r-release-linux-x86_64, r-release-macos-arm64, r-release-macos-x86_64, r-release-windows-x86_64