Last updated on 2024-06-14 01:51:46 CEST.
Flavor | Version | Tinstall | Tcheck | Ttotal | Status | Flags |
---|---|---|---|---|---|---|
r-devel-linux-x86_64-debian-clang | 0.1.0 | 5.95 | 56.71 | 62.66 | OK | |
r-devel-linux-x86_64-debian-gcc | 0.1.0 | 0.55 | 1.71 | 2.26 | ERROR | |
r-devel-linux-x86_64-fedora-clang | 0.1.0 | 77.31 | NOTE | |||
r-devel-linux-x86_64-fedora-gcc | 0.1.0 | 72.38 | NOTE | |||
r-devel-windows-x86_64 | 0.1.0 | 7.00 | 63.00 | 70.00 | OK | |
r-patched-linux-x86_64 | 0.1.0 | 5.92 | 53.66 | 59.58 | OK | |
r-release-linux-x86_64 | 0.1.0 | 6.02 | 54.08 | 60.10 | OK | |
r-release-macos-arm64 | 0.1.0 | 26.00 | OK | |||
r-release-macos-x86_64 | 0.1.0 | 46.00 | OK | |||
r-release-windows-x86_64 | 0.1.0 | 7.00 | 65.00 | 72.00 | OK | |
r-oldrel-macos-arm64 | 0.1.0 | 37.00 | OK | |||
r-oldrel-macos-x86_64 | 0.1.0 | 42.00 | OK | |||
r-oldrel-windows-x86_64 | 0.1.0 | 9.00 | 71.00 | 80.00 | OK |
Version: 0.1.0
Check: package dependencies
Result: ERROR
Package required but not available: ‘ggplot2’
See section ‘The DESCRIPTION file’ in the ‘Writing R Extensions’
manual.
Flavor: r-devel-linux-x86_64-debian-gcc
Version: 0.1.0
Check: data for non-ASCII characters
Result: NOTE
Note: found 240 marked UTF-8 strings
Flavors: r-devel-linux-x86_64-fedora-clang, r-devel-linux-x86_64-fedora-gcc