Last updated on 2024-06-17 01:48:42 CEST.
Flavor | Version | Tinstall | Tcheck | Ttotal | Status | Flags |
---|---|---|---|---|---|---|
r-devel-linux-x86_64-debian-clang | 0.7.1 | 58.55 | 383.35 | 441.90 | OK | |
r-devel-linux-x86_64-debian-gcc | 0.7.1 | 50.17 | 278.47 | 328.64 | OK | |
r-devel-linux-x86_64-fedora-clang | 0.7.1 | 565.40 | NOTE | |||
r-devel-linux-x86_64-fedora-gcc | 0.7.1 | 516.17 | NOTE | |||
r-devel-windows-x86_64 | 0.7.1 | 49.00 | 258.00 | 307.00 | NOTE | |
r-patched-linux-x86_64 | 0.7.1 | 47.59 | 375.25 | 422.84 | OK | |
r-release-linux-x86_64 | 0.7.1 | 39.12 | 367.74 | 406.86 | OK | |
r-release-macos-arm64 | 0.7.1 | 149.00 | NOTE | |||
r-release-macos-x86_64 | 0.7.1 | 218.00 | NOTE | |||
r-release-windows-x86_64 | 0.7.1 | 47.00 | 254.00 | 301.00 | NOTE | |
r-oldrel-macos-arm64 | 0.7.1 | 129.00 | NOTE | |||
r-oldrel-macos-x86_64 | 0.7.1 | 281.00 | NOTE | |||
r-oldrel-windows-x86_64 | 0.7.1 | 68.00 | 346.00 | 414.00 | NOTE |
Version: 0.7.1
Check: data for non-ASCII characters
Result: NOTE
Note: found 283 marked UTF-8 strings
Flavors: r-devel-linux-x86_64-fedora-clang, r-devel-linux-x86_64-fedora-gcc
Version: 0.7.1
Check: installed package size
Result: NOTE
installed size is 5.3Mb
sub-directories of 1Mb or more:
data 2.5Mb
help 1.7Mb
Flavors: r-devel-windows-x86_64, r-release-macos-arm64, r-release-macos-x86_64, r-release-windows-x86_64, r-oldrel-macos-arm64, r-oldrel-macos-x86_64, r-oldrel-windows-x86_64