Last updated on 2024-06-17 01:48:42 CEST.
Flavor | Version | Tinstall | Tcheck | Ttotal | Status | Flags |
---|---|---|---|---|---|---|
r-devel-linux-x86_64-debian-clang | 1.3 | 283.24 | 285.21 | 568.45 | OK | |
r-devel-linux-x86_64-debian-gcc | 1.3 | 182.89 | 240.51 | 423.40 | OK | |
r-devel-linux-x86_64-fedora-clang | 1.3 | 779.43 | OK | |||
r-devel-linux-x86_64-fedora-gcc | 1.3 | 812.27 | OK | |||
r-devel-windows-x86_64 | 1.3 | 207.00 | 284.00 | 491.00 | OK | |
r-patched-linux-x86_64 | 1.3 | 232.82 | 287.95 | 520.77 | OK | |
r-release-linux-x86_64 | 1.3 | 223.43 | 293.57 | 517.00 | OK | |
r-release-macos-arm64 | 1.3 | 233.00 | NOTE | |||
r-release-macos-x86_64 | 1.3 | 306.00 | NOTE | |||
r-release-windows-x86_64 | 1.3 | 209.00 | 281.00 | 490.00 | OK | |
r-oldrel-macos-arm64 | 1.3 | 267.00 | NOTE | |||
r-oldrel-macos-x86_64 | 1.3 | 366.00 | NOTE | |||
r-oldrel-windows-x86_64 | 1.3 | 252.00 | 359.00 | 611.00 | OK |
Version: 1.3
Check: installed package size
Result: NOTE
installed size is 8.8Mb
sub-directories of 1Mb or more:
libs 8.1Mb
Flavors: r-release-macos-arm64, r-release-macos-x86_64, r-oldrel-macos-arm64, r-oldrel-macos-x86_64