Last updated on 2025-11-03 00:50:17 CET.
| Flavor | Version | Tinstall | Tcheck | Ttotal | Status | Flags | 
|---|---|---|---|---|---|---|
| r-devel-linux-x86_64-debian-clang | 1.0.0 | 1.81 | 39.45 | 41.26 | NOTE | |
| r-devel-linux-x86_64-debian-gcc | 1.0.0 | 1.38 | 28.72 | 30.10 | NOTE | |
| r-devel-linux-x86_64-fedora-clang | 1.0.0 | 60.85 | OK | |||
| r-devel-linux-x86_64-fedora-gcc | 1.0.0 | 72.10 | OK | |||
| r-devel-windows-x86_64 | 1.0.0 | 3.00 | 81.00 | 84.00 | OK | |
| r-patched-linux-x86_64 | 1.0.0 | 1.71 | 36.77 | 38.48 | OK | |
| r-release-linux-x86_64 | 1.0.0 | 1.76 | 37.44 | 39.20 | OK | |
| r-release-macos-arm64 | 1.0.0 | 1.00 | 29.00 | 30.00 | OK | |
| r-release-macos-x86_64 | 1.0.0 | 2.00 | 49.00 | 51.00 | OK | |
| r-release-windows-x86_64 | 1.0.0 | 3.00 | 76.00 | 79.00 | OK | |
| r-oldrel-macos-arm64 | 1.0.0 | 1.00 | 26.00 | 27.00 | OK | |
| r-oldrel-macos-x86_64 | 1.0.0 | 2.00 | 40.00 | 42.00 | OK | |
| r-oldrel-windows-x86_64 | 1.0.0 | 3.00 | 90.00 | 93.00 | OK | 
Version: 1.0.0
Check: CRAN incoming feasibility
Result: NOTE
  Maintainer: ‘Svetlana Eden <svetlana.eden@vanderbilt.edu>’
  
  No Authors@R field in DESCRIPTION.
  Please add one, modifying
    Authors@R: person(given = "Svetlana",
                      family = "Eden",
                      role = c("aut", "cre"),
                      email = "svetlana.eden@vanderbilt.edu")
  as necessary.
Flavors: r-devel-linux-x86_64-debian-clang, r-devel-linux-x86_64-debian-gcc