Last updated on 2024-06-14 01:51:39 CEST.
Flavor | Version | Tinstall | Tcheck | Ttotal | Status | Flags |
---|---|---|---|---|---|---|
r-devel-linux-x86_64-debian-clang | 1.0.0 | 71.61 | 58.78 | 130.39 | NOTE | |
r-devel-linux-x86_64-debian-gcc | 1.0.0 | 0.38 | 1.63 | 2.01 | ERROR | |
r-devel-linux-x86_64-fedora-clang | 1.0.0 | 189.13 | NOTE | |||
r-devel-linux-x86_64-fedora-gcc | 1.0.0 | 190.49 | NOTE | |||
r-devel-windows-x86_64 | 1.0.0 | 62.00 | 81.00 | 143.00 | OK | |
r-patched-linux-x86_64 | 1.0.0 | 55.09 | 59.03 | 114.12 | NOTE | |
r-release-linux-x86_64 | 1.0.0 | 62.74 | 59.82 | 122.56 | NOTE | |
r-release-macos-arm64 | 1.0.0 | 42.00 | NOTE | |||
r-release-macos-x86_64 | 1.0.0 | 69.00 | NOTE | |||
r-release-windows-x86_64 | 1.0.0 | 65.00 | 79.00 | 144.00 | OK | |
r-oldrel-macos-arm64 | 1.0.0 | 50.00 | NOTE | |||
r-oldrel-macos-x86_64 | 1.0.0 | 78.00 | NOTE | |||
r-oldrel-windows-x86_64 | 1.0.0 | 80.00 | 93.00 | 173.00 | OK |
Version: 1.0.0
Check: C++ specification
Result: NOTE
Specified C++11: please drop specification unless essential
Flavors: r-devel-linux-x86_64-debian-clang, r-devel-linux-x86_64-fedora-clang, r-devel-linux-x86_64-fedora-gcc, r-patched-linux-x86_64, r-release-linux-x86_64, r-release-macos-arm64, r-release-macos-x86_64, r-oldrel-macos-arm64, r-oldrel-macos-x86_64
Version: 1.0.0
Check: package dependencies
Result: ERROR
Packages required but not available: 'fda', 'fda.usc'
Package suggested but not available for checking: ‘testthat’
See section ‘The DESCRIPTION file’ in the ‘Writing R Extensions’
manual.
Flavor: r-devel-linux-x86_64-debian-gcc
Version: 1.0.0
Check: dependencies in R code
Result: NOTE
Namespace in Imports field not imported from: ‘RcppArmadillo’
All declared Imports should be used.
Flavors: r-devel-linux-x86_64-fedora-clang, r-devel-linux-x86_64-fedora-gcc