Last updated on 2024-06-14 01:51:37 CEST.
Flavor | Version | Tinstall | Tcheck | Ttotal | Status | Flags |
---|---|---|---|---|---|---|
r-devel-linux-x86_64-debian-clang | 1.2.0 | 51.86 | 748.12 | 799.98 | OK | |
r-devel-linux-x86_64-debian-gcc | 1.2.0 | 0.63 | 2.06 | 2.69 | ERROR | |
r-devel-linux-x86_64-fedora-clang | 1.2.0 | 831.41 | OK | |||
r-devel-linux-x86_64-fedora-gcc | 1.2.0 | 733.46 | OK | |||
r-devel-windows-x86_64 | 1.2.0 | 48.00 | 620.00 | 668.00 | OK | |
r-patched-linux-x86_64 | 1.2.0 | 39.10 | 704.78 | 743.88 | OK | |
r-release-linux-x86_64 | 1.2.0 | 37.07 | 715.41 | 752.48 | OK | |
r-release-macos-arm64 | 1.2.0 | 279.00 | OK | |||
r-release-macos-x86_64 | 1.2.0 | 429.00 | OK | |||
r-release-windows-x86_64 | 1.2.0 | 48.00 | 668.00 | 716.00 | OK | |
r-oldrel-macos-arm64 | 1.2.0 | 337.00 | OK | |||
r-oldrel-macos-x86_64 | 1.2.0 | 460.00 | OK | |||
r-oldrel-windows-x86_64 | 1.2.0 | 64.00 | 760.00 | 824.00 | OK |
Version: 1.2.0
Check: package dependencies
Result: ERROR
Packages required but not available:
'ggplot2', 'alakazam', 'dplyr', 'igraph', 'progress', 'tidyr',
'tidyselect'
Package suggested but not available for checking: ‘testthat’
See section ‘The DESCRIPTION file’ in the ‘Writing R Extensions’
manual.
Flavor: r-devel-linux-x86_64-debian-gcc