Last updated on 2025-11-03 00:50:16 CET.
| Flavor | Version | Tinstall | Tcheck | Ttotal | Status | Flags | 
|---|---|---|---|---|---|---|
| r-devel-linux-x86_64-debian-clang | 0.1.7 | 14.16 | 131.60 | 145.76 | NOTE | |
| r-devel-linux-x86_64-debian-gcc | 0.1.7 | 10.19 | 93.61 | 103.80 | NOTE | |
| r-devel-linux-x86_64-fedora-clang | 0.1.7 | 92.00 | 149.55 | 241.55 | NOTE | |
| r-devel-linux-x86_64-fedora-gcc | 0.1.7 | 61.00 | 191.06 | 252.06 | NOTE | |
| r-devel-windows-x86_64 | 0.1.7 | 13.00 | 124.00 | 137.00 | NOTE | |
| r-patched-linux-x86_64 | 0.1.7 | 13.45 | 119.74 | 133.19 | NOTE | |
| r-release-linux-x86_64 | 0.1.7 | 14.87 | 122.52 | 137.39 | NOTE | |
| r-release-macos-arm64 | 0.1.7 | 7.00 | 65.00 | 72.00 | NOTE | |
| r-release-macos-x86_64 | 0.1.7 | 21.00 | 138.00 | 159.00 | NOTE | |
| r-release-windows-x86_64 | 0.1.7 | 13.00 | 120.00 | 133.00 | NOTE | |
| r-oldrel-macos-arm64 | 0.1.7 | 7.00 | 57.00 | 64.00 | OK | |
| r-oldrel-macos-x86_64 | 0.1.7 | 10.00 | 90.00 | 100.00 | OK | |
| r-oldrel-windows-x86_64 | 0.1.7 | 16.00 | 166.00 | 182.00 | OK | 
Version: 0.1.7
Check: DESCRIPTION meta-information
Result: NOTE
    Missing dependency on R >= 4.1.0 because package code uses the pipe
    |> or function shorthand \(...) syntax added in R 4.1.0.
    File(s) using such syntax:
      ‘consensus.R’
Flavors: r-devel-linux-x86_64-debian-clang, r-devel-linux-x86_64-debian-gcc, r-devel-linux-x86_64-fedora-clang, r-devel-linux-x86_64-fedora-gcc, r-devel-windows-x86_64, r-patched-linux-x86_64, r-release-linux-x86_64, r-release-macos-arm64, r-release-macos-x86_64, r-release-windows-x86_64