Last updated on 2024-05-20 01:49:32 CEST.
Flavor | Version | Tinstall | Tcheck | Ttotal | Status | Flags |
---|---|---|---|---|---|---|
r-devel-linux-x86_64-debian-clang | 0.0.1.0 | 14.14 | 115.98 | 130.12 | NOTE | |
r-devel-linux-x86_64-debian-gcc | 0.0.1.0 | 10.46 | 85.57 | 96.03 | NOTE | |
r-devel-linux-x86_64-fedora-clang | 0.0.1.0 | 166.77 | NOTE | |||
r-devel-linux-x86_64-fedora-gcc | 0.0.1.0 | 208.25 | NOTE | |||
r-devel-windows-x86_64 | 0.0.1.0 | 12.00 | 103.00 | 115.00 | NOTE | |
r-patched-linux-x86_64 | 0.0.1.0 | 11.85 | 109.41 | 121.26 | NOTE | |
r-release-linux-x86_64 | 0.0.1.0 | 13.36 | 108.69 | 122.05 | NOTE | |
r-release-macos-arm64 | 0.0.1.0 | 46.00 | NOTE | |||
r-release-windows-x86_64 | 0.0.1.0 | 13.00 | 101.00 | 114.00 | NOTE | |
r-oldrel-macos-arm64 | 0.0.1.0 | 48.00 | NOTE | |||
r-oldrel-macos-x86_64 | 0.0.1.0 | 79.00 | NOTE | |||
r-oldrel-windows-x86_64 | 0.0.1.0 | 17.00 | 124.00 | 141.00 | NOTE |
Version: 0.0.1.0
Check: LazyData
Result: NOTE
'LazyData' is specified without a 'data' directory
Flavors: r-devel-linux-x86_64-debian-clang, r-devel-linux-x86_64-debian-gcc, r-devel-linux-x86_64-fedora-clang, r-devel-linux-x86_64-fedora-gcc, r-devel-windows-x86_64, r-patched-linux-x86_64, r-release-linux-x86_64, r-release-macos-arm64, r-release-windows-x86_64, r-oldrel-macos-arm64, r-oldrel-macos-x86_64, r-oldrel-windows-x86_64