Last updated on 2024-05-20 01:49:32 CEST.
Flavor | Version | Tinstall | Tcheck | Ttotal | Status | Flags |
---|---|---|---|---|---|---|
r-devel-linux-x86_64-debian-clang | 2.0.2 | 5.70 | 45.67 | 51.37 | NOTE | |
r-devel-linux-x86_64-debian-gcc | 2.0.2 | 4.13 | 34.31 | 38.44 | NOTE | |
r-devel-linux-x86_64-fedora-clang | 2.0.2 | 63.59 | NOTE | |||
r-devel-linux-x86_64-fedora-gcc | 2.0.2 | 81.92 | NOTE | |||
r-devel-windows-x86_64 | 2.0.2 | 6.00 | 58.00 | 64.00 | NOTE | |
r-patched-linux-x86_64 | 2.0.2 | 4.22 | 42.79 | 47.01 | NOTE | |
r-release-linux-x86_64 | 2.0.2 | 5.14 | 44.05 | 49.19 | NOTE | |
r-release-macos-arm64 | 2.0.2 | 24.00 | NOTE | |||
r-release-windows-x86_64 | 2.0.2 | 6.00 | 61.00 | 67.00 | NOTE | |
r-oldrel-macos-arm64 | 2.0.2 | 25.00 | NOTE | |||
r-oldrel-macos-x86_64 | 2.0.2 | 33.00 | NOTE | |||
r-oldrel-windows-x86_64 | 2.0.2 | 8.00 | 66.00 | 74.00 | NOTE |
Version: 2.0.2
Check: LazyData
Result: NOTE
'LazyData' is specified without a 'data' directory
Flavors: r-devel-linux-x86_64-debian-clang, r-devel-linux-x86_64-debian-gcc, r-devel-linux-x86_64-fedora-clang, r-devel-linux-x86_64-fedora-gcc, r-devel-windows-x86_64, r-patched-linux-x86_64, r-release-linux-x86_64, r-release-macos-arm64, r-release-windows-x86_64, r-oldrel-macos-arm64, r-oldrel-macos-x86_64, r-oldrel-windows-x86_64