Last updated on 2024-05-20 01:49:30 CEST.
Flavor | Version | Tinstall | Tcheck | Ttotal | Status | Flags |
---|---|---|---|---|---|---|
r-devel-linux-x86_64-debian-clang | 0.5 | 4.53 | 38.25 | 42.78 | NOTE | |
r-devel-linux-x86_64-debian-gcc | 0.5 | 3.06 | 29.65 | 32.71 | NOTE | |
r-devel-linux-x86_64-fedora-clang | 0.5 | 54.58 | NOTE | |||
r-devel-linux-x86_64-fedora-gcc | 0.5 | 112.99 | NOTE | |||
r-devel-windows-x86_64 | 0.5 | 4.00 | 49.00 | 53.00 | OK | |
r-patched-linux-x86_64 | 0.5 | 7.26 | 37.22 | 44.48 | NOTE | |
r-release-linux-x86_64 | 0.5 | 3.85 | 37.06 | 40.91 | NOTE | |
r-release-macos-arm64 | 0.5 | 29.00 | OK | |||
r-release-windows-x86_64 | 0.5 | 4.00 | 52.00 | 56.00 | OK | |
r-oldrel-macos-arm64 | 0.5 | 30.00 | OK | |||
r-oldrel-macos-x86_64 | 0.5 | 45.00 | OK | |||
r-oldrel-windows-x86_64 | 0.5 | 5.00 | 56.00 | 61.00 | OK |
Version: 0.5
Check: for non-standard things in the check directory
Result: NOTE
Found the following files/directories:
‘PackageCites.bib’
Flavors: r-devel-linux-x86_64-debian-clang, r-devel-linux-x86_64-debian-gcc, r-devel-linux-x86_64-fedora-clang, r-devel-linux-x86_64-fedora-gcc, r-patched-linux-x86_64, r-release-linux-x86_64