Last updated on 2024-06-14 01:51:33 CEST.
Flavor | Version | Tinstall | Tcheck | Ttotal | Status | Flags |
---|---|---|---|---|---|---|
r-devel-linux-x86_64-debian-clang | 0.2.0 | 3.25 | 25.84 | 29.09 | NOTE | |
r-devel-linux-x86_64-debian-gcc | 0.2.0 | 2.67 | 20.08 | 22.75 | NOTE | |
r-devel-linux-x86_64-fedora-clang | 0.2.0 | 37.35 | NOTE | |||
r-devel-linux-x86_64-fedora-gcc | 0.2.0 | 34.88 | NOTE | |||
r-devel-windows-x86_64 | 0.2.0 | 5.00 | 41.00 | 46.00 | NOTE | |
r-patched-linux-x86_64 | 0.2.0 | 3.78 | 25.62 | 29.40 | NOTE | |
r-release-linux-x86_64 | 0.2.0 | 3.54 | 25.62 | 29.16 | NOTE | |
r-release-macos-arm64 | 0.2.0 | 14.00 | NOTE | |||
r-release-macos-x86_64 | 0.2.0 | 21.00 | NOTE | |||
r-release-windows-x86_64 | 0.2.0 | 3.00 | 42.00 | 45.00 | NOTE | |
r-oldrel-macos-arm64 | 0.2.0 | 17.00 | NOTE | |||
r-oldrel-macos-x86_64 | 0.2.0 | 21.00 | NOTE | |||
r-oldrel-windows-x86_64 | 0.2.0 | 5.00 | 43.00 | 48.00 | NOTE |
Version: 0.2.0
Check: LazyData
Result: NOTE
'LazyData' is specified without a 'data' directory
Flavors: r-devel-linux-x86_64-debian-clang, r-devel-linux-x86_64-debian-gcc, r-devel-linux-x86_64-fedora-clang, r-devel-linux-x86_64-fedora-gcc, r-devel-windows-x86_64, r-patched-linux-x86_64, r-release-linux-x86_64, r-release-macos-arm64, r-release-macos-x86_64, r-release-windows-x86_64, r-oldrel-macos-arm64, r-oldrel-macos-x86_64, r-oldrel-windows-x86_64
Version: 0.2.0
Check: package dependencies
Result: NOTE
Package suggested but not available for checking: ‘testthat’
Flavor: r-devel-linux-x86_64-debian-gcc