Last updated on 2024-06-14 01:51:33 CEST.
Flavor | Version | Tinstall | Tcheck | Ttotal | Status | Flags |
---|---|---|---|---|---|---|
r-devel-linux-x86_64-debian-clang | 0.10.1 | 8.38 | 293.14 | 301.52 | NOTE | |
r-devel-linux-x86_64-debian-gcc | 0.10.1 | 0.37 | 1.75 | 2.12 | ERROR | |
r-devel-linux-x86_64-fedora-clang | 0.10.1 | 359.95 | NOTE | |||
r-devel-linux-x86_64-fedora-gcc | 0.10.1 | 350.70 | NOTE | |||
r-devel-windows-x86_64 | 0.10.1 | 8.00 | 191.00 | 199.00 | NOTE | |
r-patched-linux-x86_64 | 0.10.1 | 5.98 | 275.43 | 281.41 | NOTE | |
r-release-linux-x86_64 | 0.10.1 | 7.88 | 270.55 | 278.43 | NOTE | |
r-release-macos-arm64 | 0.10.1 | 93.00 | NOTE | |||
r-release-macos-x86_64 | 0.10.1 | 171.00 | NOTE | |||
r-release-windows-x86_64 | 0.10.1 | 9.00 | 192.00 | 201.00 | NOTE | |
r-oldrel-macos-arm64 | 0.10.1 | 103.00 | NOTE | |||
r-oldrel-macos-x86_64 | 0.10.1 | 180.00 | NOTE | |||
r-oldrel-windows-x86_64 | 0.10.1 | 11.00 | 251.00 | 262.00 | NOTE |
Version: 0.10.1
Check: LazyData
Result: NOTE
'LazyData' is specified without a 'data' directory
Flavors: r-devel-linux-x86_64-debian-clang, r-devel-linux-x86_64-fedora-clang, r-devel-linux-x86_64-fedora-gcc, r-devel-windows-x86_64, r-patched-linux-x86_64, r-release-linux-x86_64, r-release-macos-arm64, r-release-macos-x86_64, r-release-windows-x86_64, r-oldrel-macos-arm64, r-oldrel-macos-x86_64, r-oldrel-windows-x86_64
Version: 0.10.1
Check: package dependencies
Result: ERROR
Packages required but not available:
'dplyr', 'GGally', 'ggplot2', 'ggrepel', 'reshape2'
Package suggested but not available for checking: ‘testthat’
See section ‘The DESCRIPTION file’ in the ‘Writing R Extensions’
manual.
Flavor: r-devel-linux-x86_64-debian-gcc