Last updated on 2024-06-03 01:48:23 CEST.
Flavor | Version | Tinstall | Tcheck | Ttotal | Status | Flags |
---|---|---|---|---|---|---|
r-devel-linux-x86_64-debian-clang | 1.6.6 | 19.80 | 184.54 | 204.34 | OK | |
r-devel-linux-x86_64-debian-gcc | 1.6.6 | 14.06 | 136.62 | 150.68 | OK | |
r-devel-linux-x86_64-fedora-clang | 1.6.6 | 254.91 | NOTE | |||
r-devel-linux-x86_64-fedora-gcc | 1.6.6 | 282.01 | OK | |||
r-devel-windows-x86_64 | 1.6.6 | 18.00 | 141.00 | 159.00 | OK | |
r-patched-linux-x86_64 | 1.6.6 | 16.99 | 173.92 | 190.91 | OK | |
r-release-linux-x86_64 | 1.6.6 | 16.11 | 171.54 | 187.65 | OK | |
r-release-macos-arm64 | 1.6.6 | 52.00 | OK | |||
r-release-macos-x86_64 | 1.6.6 | 5.00 | ERROR | |||
r-release-windows-x86_64 | 1.6.6 | 17.00 | 143.00 | 160.00 | OK | |
r-oldrel-macos-arm64 | 1.6.6 | 61.00 | OK | |||
r-oldrel-macos-x86_64 | 1.6.6 | 95.00 | OK | |||
r-oldrel-windows-x86_64 | 1.6.6 | 21.00 | 180.00 | 201.00 | OK |
Version: 1.6.6
Check: installed package size
Result: NOTE
installed size is 5.0Mb
sub-directories of 1Mb or more:
doc 4.9Mb
Flavor: r-devel-linux-x86_64-fedora-clang
Version: 1.6.6
Check: package dependencies
Result: ERROR
Packages required and available but unsuitable versions:
'radiant.data', 'radiant.design', 'radiant.basics', 'radiant.model',
'radiant.multivariate'
See section ‘The DESCRIPTION file’ in the ‘Writing R Extensions’
manual.
Flavor: r-release-macos-x86_64