Last updated on 2024-05-20 01:49:27 CEST.
Flavor | Version | Tinstall | Tcheck | Ttotal | Status | Flags |
---|---|---|---|---|---|---|
r-devel-linux-x86_64-debian-clang | 4.10.4 | 21.73 | 257.42 | 279.15 | OK | |
r-devel-linux-x86_64-debian-gcc | 4.10.4 | 15.15 | 184.59 | 199.74 | OK | |
r-devel-linux-x86_64-fedora-clang | 4.10.4 | 337.24 | NOTE | |||
r-devel-linux-x86_64-fedora-gcc | 4.10.4 | 328.55 | OK | |||
r-devel-windows-x86_64 | 4.10.4 | 18.00 | 187.00 | 205.00 | NOTE | |
r-patched-linux-x86_64 | 4.10.4 | 19.06 | 248.54 | 267.60 | OK | |
r-release-linux-x86_64 | 4.10.4 | 22.31 | 247.26 | 269.57 | OK | |
r-release-macos-arm64 | 4.10.4 | 97.00 | NOTE | |||
r-release-windows-x86_64 | 4.10.4 | 19.00 | 183.00 | 202.00 | NOTE | |
r-oldrel-macos-arm64 | 4.10.4 | 95.00 | NOTE | |||
r-oldrel-macos-x86_64 | 4.10.4 | 198.00 | NOTE | |||
r-oldrel-windows-x86_64 | 4.10.4 | 23.00 | 229.00 | 252.00 | NOTE |
Version: 4.10.4
Check: installed package size
Result: NOTE
installed size is 7.2Mb
sub-directories of 1Mb or more:
R 1.0Mb
htmlwidgets 4.0Mb
Flavors: r-devel-linux-x86_64-fedora-clang, r-devel-windows-x86_64, r-release-macos-arm64, r-release-windows-x86_64, r-oldrel-macos-arm64, r-oldrel-macos-x86_64, r-oldrel-windows-x86_64