Last updated on 2024-06-14 01:51:31 CEST.
Flavor | Version | Tinstall | Tcheck | Ttotal | Status | Flags |
---|---|---|---|---|---|---|
r-devel-linux-x86_64-debian-clang | 0.1.0 | 9.69 | 61.72 | 71.41 | OK | |
r-devel-linux-x86_64-debian-gcc | 0.1.0 | 0.46 | 1.76 | 2.22 | ERROR | |
r-devel-linux-x86_64-fedora-clang | 0.1.0 | 90.39 | NOTE | |||
r-devel-linux-x86_64-fedora-gcc | 0.1.0 | 82.12 | NOTE | |||
r-devel-windows-x86_64 | 0.1.0 | 10.00 | 68.00 | 78.00 | OK | |
r-patched-linux-x86_64 | 0.1.0 | 8.67 | 59.51 | 68.18 | OK | |
r-release-linux-x86_64 | 0.1.0 | 5.56 | 60.78 | 66.34 | OK | |
r-release-macos-arm64 | 0.1.0 | 30.00 | OK | |||
r-release-macos-x86_64 | 0.1.0 | 43.00 | OK | |||
r-release-windows-x86_64 | 0.1.0 | 12.00 | 70.00 | 82.00 | OK | |
r-oldrel-macos-arm64 | 0.1.0 | 30.00 | OK | |||
r-oldrel-macos-x86_64 | 0.1.0 | 44.00 | OK | |||
r-oldrel-windows-x86_64 | 0.1.0 | 13.00 | 75.00 | 88.00 | OK |
Version: 0.1.0
Check: package dependencies
Result: ERROR
Packages required but not available: 'dplyr', 'ggplot2', 'plotly', 'purrr'
Package suggested but not available for checking: ‘testthat’
See section ‘The DESCRIPTION file’ in the ‘Writing R Extensions’
manual.
Flavor: r-devel-linux-x86_64-debian-gcc
Version: 0.1.0
Check: dependencies in R code
Result: NOTE
Namespace in Imports field not imported from: ‘mapproj’
All declared Imports should be used.
Flavors: r-devel-linux-x86_64-fedora-clang, r-devel-linux-x86_64-fedora-gcc
Version: 0.1.0
Check: data for non-ASCII characters
Result: NOTE
Note: found 12992 marked UTF-8 strings
Flavors: r-devel-linux-x86_64-fedora-clang, r-devel-linux-x86_64-fedora-gcc