Last updated on 2024-06-14 01:51:31 CEST.
Flavor | Version | Tinstall | Tcheck | Ttotal | Status | Flags |
---|---|---|---|---|---|---|
r-devel-linux-x86_64-debian-clang | 1.0-7 | 4.88 | 36.66 | 41.54 | OK | |
r-devel-linux-x86_64-debian-gcc | 1.0-7 | 3.45 | 26.74 | 30.19 | OK | |
r-devel-linux-x86_64-fedora-clang | 1.0-7 | 49.26 | NOTE | |||
r-devel-linux-x86_64-fedora-gcc | 1.0-7 | 47.73 | OK | |||
r-devel-windows-x86_64 | 1.0-7 | 4.00 | 53.00 | 57.00 | OK | |
r-patched-linux-x86_64 | 1.0-7 | 4.58 | 35.55 | 40.13 | OK | |
r-release-linux-x86_64 | 1.0-7 | 2.85 | 35.14 | 37.99 | OK | |
r-release-macos-arm64 | 1.0-7 | 18.00 | OK | |||
r-release-macos-x86_64 | 1.0-7 | 27.00 | OK | |||
r-release-windows-x86_64 | 1.0-7 | 4.00 | 47.00 | 51.00 | OK | |
r-oldrel-macos-arm64 | 1.0-7 | 18.00 | OK | |||
r-oldrel-macos-x86_64 | 1.0-7 | 32.00 | OK | |||
r-oldrel-windows-x86_64 | 1.0-7 | 3.00 | 50.00 | 53.00 | OK |
Version: 1.0-7
Check: Rd cross-references
Result: NOTE
Undeclared package ‘vowels’ in Rd xrefs
Flavor: r-devel-linux-x86_64-fedora-clang