Last updated on 2024-06-17 01:48:37 CEST.
Flavor | Version | Tinstall | Tcheck | Ttotal | Status | Flags |
---|---|---|---|---|---|---|
r-devel-linux-x86_64-debian-clang | 1.0.0 | 61.31 | 101.53 | 162.84 | NOTE | |
r-devel-linux-x86_64-debian-gcc | 1.0.0 | 42.33 | 76.44 | 118.77 | NOTE | |
r-devel-linux-x86_64-fedora-clang | 1.0.0 | 232.36 | NOTE | |||
r-devel-linux-x86_64-fedora-gcc | 1.0.0 | 414.69 | NOTE | |||
r-devel-windows-x86_64 | 1.0.0 | 59.00 | 115.00 | 174.00 | NOTE | |
r-patched-linux-x86_64 | 1.0.0 | 58.88 | 99.20 | 158.08 | NOTE | |
r-release-linux-x86_64 | 1.0.0 | 56.81 | 98.98 | 155.79 | NOTE | |
r-release-macos-arm64 | 1.0.0 | 96.00 | NOTE | |||
r-release-macos-x86_64 | 1.0.0 | 178.00 | NOTE | |||
r-release-windows-x86_64 | 1.0.0 | 58.00 | 113.00 | 171.00 | NOTE | |
r-oldrel-macos-arm64 | 1.0.0 | 116.00 | NOTE | |||
r-oldrel-macos-x86_64 | 1.0.0 | 177.00 | NOTE | |||
r-oldrel-windows-x86_64 | 1.0.0 | 71.00 | 137.00 | 208.00 | NOTE |
Version: 1.0.0
Check: C++ specification
Result: NOTE
Specified C++11: please drop specification unless essential
Flavors: r-devel-linux-x86_64-debian-clang, r-devel-linux-x86_64-debian-gcc, r-devel-linux-x86_64-fedora-clang, r-devel-linux-x86_64-fedora-gcc, r-devel-windows-x86_64, r-patched-linux-x86_64, r-release-linux-x86_64, r-release-macos-arm64, r-release-macos-x86_64, r-release-windows-x86_64, r-oldrel-macos-arm64, r-oldrel-macos-x86_64, r-oldrel-windows-x86_64
Version: 1.0.0
Check: for GNU extensions in Makefiles
Result: NOTE
GNU make is a SystemRequirements.
Flavors: r-devel-linux-x86_64-debian-clang, r-devel-linux-x86_64-debian-gcc, r-devel-linux-x86_64-fedora-clang, r-devel-linux-x86_64-fedora-gcc, r-devel-windows-x86_64, r-patched-linux-x86_64, r-release-linux-x86_64, r-release-macos-arm64, r-release-macos-x86_64, r-release-windows-x86_64, r-oldrel-macos-arm64, r-oldrel-macos-x86_64, r-oldrel-windows-x86_64