Last updated on 2024-06-14 01:51:29 CEST.
Flavor | Version | Tinstall | Tcheck | Ttotal | Status | Flags |
---|---|---|---|---|---|---|
r-devel-linux-x86_64-debian-clang | 1.0.2 | 4.05 | 51.45 | 55.50 | OK | |
r-devel-linux-x86_64-debian-gcc | 1.0.2 | 0.37 | 1.74 | 2.11 | ERROR | |
r-devel-linux-x86_64-fedora-clang | 1.0.2 | 68.33 | OK | |||
r-devel-linux-x86_64-fedora-gcc | 1.0.2 | 63.81 | OK | |||
r-devel-windows-x86_64 | 1.0.2 | 6.00 | 60.00 | 66.00 | OK | |
r-patched-linux-x86_64 | 1.0.2 | 4.51 | 49.32 | 53.83 | OK | |
r-release-linux-x86_64 | 1.0.2 | 4.59 | 47.25 | 51.84 | OK | |
r-release-macos-arm64 | 1.0.2 | 23.00 | OK | |||
r-release-macos-x86_64 | 1.0.2 | 32.00 | OK | |||
r-release-windows-x86_64 | 1.0.2 | 6.00 | 60.00 | 66.00 | OK | |
r-oldrel-macos-arm64 | 1.0.2 | 27.00 | OK | |||
r-oldrel-macos-x86_64 | 1.0.2 | 56.00 | OK | |||
r-oldrel-windows-x86_64 | 1.0.2 | 7.00 | 65.00 | 72.00 | OK |
Version: 1.0.2
Check: package dependencies
Result: ERROR
Packages required but not available: 'cvms', 'ggmcmc', 'ggplot2'
See section ‘The DESCRIPTION file’ in the ‘Writing R Extensions’
manual.
Flavor: r-devel-linux-x86_64-debian-gcc