Last updated on 2024-06-14 01:51:29 CEST.
Flavor | Version | Tinstall | Tcheck | Ttotal | Status | Flags |
---|---|---|---|---|---|---|
r-devel-linux-x86_64-debian-clang | 0.0.2 | 2.96 | 33.17 | 36.13 | NOTE | |
r-devel-linux-x86_64-debian-gcc | 0.0.2 | 0.33 | 1.55 | 1.88 | ERROR | |
r-devel-linux-x86_64-fedora-clang | 0.0.2 | 48.50 | NOTE | |||
r-devel-linux-x86_64-fedora-gcc | 0.0.2 | 43.63 | NOTE | |||
r-devel-windows-x86_64 | 0.0.2 | 4.00 | 46.00 | 50.00 | NOTE | |
r-patched-linux-x86_64 | 0.0.2 | 3.19 | 31.93 | 35.12 | NOTE | |
r-release-linux-x86_64 | 0.0.2 | 2.92 | 31.32 | 34.24 | NOTE | |
r-release-macos-arm64 | 0.0.2 | 20.00 | NOTE | |||
r-release-macos-x86_64 | 0.0.2 | 27.00 | NOTE | |||
r-release-windows-x86_64 | 0.0.2 | 4.00 | 48.00 | 52.00 | NOTE | |
r-oldrel-macos-arm64 | 0.0.2 | 21.00 | NOTE | |||
r-oldrel-macos-x86_64 | 0.0.2 | 24.00 | NOTE | |||
r-oldrel-windows-x86_64 | 0.0.2 | 5.00 | 49.00 | 54.00 | NOTE |
Version: 0.0.2
Check: package subdirectories
Result: NOTE
Problems with news in ‘NEWS.md’:
No news entries found.
Flavors: r-devel-linux-x86_64-debian-clang, r-devel-linux-x86_64-fedora-clang, r-devel-linux-x86_64-fedora-gcc, r-devel-windows-x86_64, r-patched-linux-x86_64, r-release-linux-x86_64, r-release-macos-arm64, r-release-macos-x86_64, r-release-windows-x86_64, r-oldrel-macos-arm64, r-oldrel-macos-x86_64, r-oldrel-windows-x86_64
Version: 0.0.2
Check: LazyData
Result: NOTE
'LazyData' is specified without a 'data' directory
Flavors: r-devel-linux-x86_64-debian-clang, r-devel-linux-x86_64-fedora-clang, r-devel-linux-x86_64-fedora-gcc, r-devel-windows-x86_64, r-patched-linux-x86_64, r-release-linux-x86_64, r-release-macos-arm64, r-release-macos-x86_64, r-release-windows-x86_64, r-oldrel-macos-arm64, r-oldrel-macos-x86_64, r-oldrel-windows-x86_64
Version: 0.0.2
Check: package dependencies
Result: ERROR
Package required but not available: ‘stringr’
Package suggested but not available for checking: ‘testthat’
See section ‘The DESCRIPTION file’ in the ‘Writing R Extensions’
manual.
Flavor: r-devel-linux-x86_64-debian-gcc