Last updated on 2024-05-20 01:49:26 CEST.
Flavor | Version | Tinstall | Tcheck | Ttotal | Status | Flags |
---|---|---|---|---|---|---|
r-devel-linux-x86_64-debian-clang | 0.0.6 | 53.35 | 197.48 | 250.83 | OK | |
r-devel-linux-x86_64-debian-gcc | 0.0.6 | 37.64 | 141.13 | 178.77 | OK | |
r-devel-linux-x86_64-fedora-clang | 0.0.6 | 310.60 | NOTE | |||
r-devel-linux-x86_64-fedora-gcc | 0.0.6 | 379.18 | NOTE | |||
r-devel-windows-x86_64 | 0.0.6 | 39.00 | 191.00 | 230.00 | OK | |
r-patched-linux-x86_64 | 0.0.6 | 32.67 | 179.69 | 212.36 | OK | |
r-release-linux-x86_64 | 0.0.6 | 30.55 | 183.71 | 214.26 | OK | |
r-release-macos-arm64 | 0.0.6 | 85.00 | OK | |||
r-release-windows-x86_64 | 0.0.6 | 45.00 | 189.00 | 234.00 | OK | |
r-oldrel-macos-arm64 | 0.0.6 | 88.00 | OK | |||
r-oldrel-macos-x86_64 | 0.0.6 | 151.00 | OK | |||
r-oldrel-windows-x86_64 | 0.0.6 | 50.00 | 235.00 | 285.00 | OK |
Version: 0.0.6
Check: compiled code
Result: NOTE
File ‘neuroim/libs/neuroim.so’:
Found no calls to: ‘R_registerRoutines’, ‘R_useDynamicSymbols’
It is good practice to register native routines and to disable symbol
search.
See ‘Writing portable packages’ in the ‘Writing R Extensions’ manual.
Flavors: r-devel-linux-x86_64-fedora-clang, r-devel-linux-x86_64-fedora-gcc