Last updated on 2024-05-20 01:49:25 CEST.
Flavor | Version | Tinstall | Tcheck | Ttotal | Status | Flags |
---|---|---|---|---|---|---|
r-devel-linux-x86_64-debian-clang | 0.3.7 | 84.26 | 86.24 | 170.50 | NOTE | |
r-devel-linux-x86_64-debian-gcc | 0.3.7 | 60.76 | 63.41 | 124.17 | NOTE | |
r-devel-linux-x86_64-fedora-clang | 0.3.7 | 230.73 | NOTE | |||
r-devel-linux-x86_64-fedora-gcc | 0.3.7 | 313.66 | NOTE | |||
r-devel-windows-x86_64 | 0.3.7 | 63.00 | 107.00 | 170.00 | NOTE | |
r-patched-linux-x86_64 | 0.3.7 | 78.15 | 80.25 | 158.40 | NOTE | |
r-release-linux-x86_64 | 0.3.7 | 78.91 | 81.63 | 160.54 | NOTE | |
r-release-macos-arm64 | 0.3.7 | 59.00 | NOTE | |||
r-release-windows-x86_64 | 0.3.7 | 62.00 | 110.00 | 172.00 | NOTE | |
r-oldrel-macos-arm64 | 0.3.7 | 66.00 | NOTE | |||
r-oldrel-macos-x86_64 | 0.3.7 | 117.00 | NOTE | |||
r-oldrel-windows-x86_64 | 0.3.7 | 79.00 | 132.00 | 211.00 | NOTE |
Version: 0.3.7
Check: C++ specification
Result: NOTE
Specified C++11: please drop specification unless essential
Flavors: r-devel-linux-x86_64-debian-clang, r-devel-linux-x86_64-debian-gcc, r-devel-linux-x86_64-fedora-clang, r-devel-linux-x86_64-fedora-gcc, r-devel-windows-x86_64, r-patched-linux-x86_64, r-release-linux-x86_64, r-release-macos-arm64, r-release-windows-x86_64, r-oldrel-macos-arm64, r-oldrel-macos-x86_64, r-oldrel-windows-x86_64
Version: 0.3.7
Check: Rd files
Result: NOTE
checkRd: (-1) nanoperiod.Rd:268: Lost braces
268 | possible to use the binary operator `code{+}`. Instead the
| ^
Flavors: r-devel-linux-x86_64-debian-clang, r-devel-linux-x86_64-debian-gcc, r-devel-linux-x86_64-fedora-clang, r-devel-linux-x86_64-fedora-gcc, r-devel-windows-x86_64, r-patched-linux-x86_64, r-release-linux-x86_64, r-release-macos-arm64, r-release-windows-x86_64
Version: 0.3.7
Check: compiled code
Result: NOTE
File ‘nanotime/libs/nanotime.so’:
Found non-API call to R: ‘SET_S4_OBJECT’
Compiled code should not call non-API entry points in R.
See ‘Writing portable packages’ in the ‘Writing R Extensions’ manual.
Flavors: r-devel-linux-x86_64-debian-clang, r-devel-linux-x86_64-debian-gcc, r-devel-linux-x86_64-fedora-clang, r-devel-linux-x86_64-fedora-gcc
Version: 0.3.7
Check: compiled code
Result: NOTE
File 'nanotime/libs/x64/nanotime.dll':
Found non-API call to R: 'SET_S4_OBJECT'
Compiled code should not call non-API entry points in R.
See 'Writing portable packages' in the 'Writing R Extensions' manual.
Flavor: r-devel-windows-x86_64