Last updated on 2024-06-14 01:51:28 CEST.
Flavor | Version | Tinstall | Tcheck | Ttotal | Status | Flags |
---|---|---|---|---|---|---|
r-devel-linux-x86_64-debian-clang | 1.4.0 | 22.19 | 87.28 | 109.47 | NOTE | |
r-devel-linux-x86_64-debian-gcc | 1.4.0 | 17.20 | 63.33 | 80.53 | NOTE | |
r-devel-linux-x86_64-fedora-clang | 1.4.0 | 136.62 | NOTE | |||
r-devel-linux-x86_64-fedora-gcc | 1.4.0 | 138.43 | NOTE | |||
r-devel-windows-x86_64 | 1.4.0 | 16.00 | 81.00 | 97.00 | NOTE | |
r-patched-linux-x86_64 | 1.4.0 | 18.87 | 83.98 | 102.85 | NOTE | |
r-release-linux-x86_64 | 1.4.0 | 17.16 | 82.67 | 99.83 | NOTE | |
r-release-macos-arm64 | 1.4.0 | 39.00 | NOTE | |||
r-release-macos-x86_64 | 1.4.0 | 62.00 | NOTE | |||
r-release-windows-x86_64 | 1.4.0 | 16.00 | 82.00 | 98.00 | NOTE | |
r-oldrel-macos-arm64 | 1.4.0 | 53.00 | OK | |||
r-oldrel-macos-x86_64 | 1.4.0 | 118.00 | OK | |||
r-oldrel-windows-x86_64 | 1.4.0 | 20.00 | 94.00 | 114.00 | OK |
Version: 1.4.0
Check: Rd files
Result: NOTE
checkRd: (-1) mzipmed_data.Rd:22: Lost braces; missing escapes or markup?
22 | @source {Simulated to serve as an example}
| ^
Flavors: r-devel-linux-x86_64-debian-clang, r-devel-linux-x86_64-debian-gcc, r-devel-linux-x86_64-fedora-clang, r-devel-linux-x86_64-fedora-gcc, r-devel-windows-x86_64, r-patched-linux-x86_64, r-release-linux-x86_64, r-release-macos-arm64, r-release-macos-x86_64, r-release-windows-x86_64