Last updated on 2024-06-14 01:51:28 CEST.
Flavor | Version | Tinstall | Tcheck | Ttotal | Status | Flags |
---|---|---|---|---|---|---|
r-devel-linux-x86_64-debian-clang | 0.0.1 | 2.17 | 29.05 | 31.22 | OK | |
r-devel-linux-x86_64-debian-gcc | 0.0.1 | 1.78 | 19.11 | 20.89 | ERROR | |
r-devel-linux-x86_64-fedora-clang | 0.0.1 | 41.05 | OK | |||
r-devel-linux-x86_64-fedora-gcc | 0.0.1 | 37.45 | OK | |||
r-devel-windows-x86_64 | 0.0.1 | 3.00 | 44.00 | 47.00 | OK | |
r-patched-linux-x86_64 | 0.0.1 | 2.14 | 28.47 | 30.61 | OK | |
r-release-linux-x86_64 | 0.0.1 | 2.55 | 27.86 | 30.41 | OK | |
r-release-macos-arm64 | 0.0.1 | 17.00 | OK | |||
r-release-macos-x86_64 | 0.0.1 | 23.00 | OK | |||
r-release-windows-x86_64 | 0.0.1 | 3.00 | 47.00 | 50.00 | OK | |
r-oldrel-macos-arm64 | 0.0.1 | 22.00 | OK | |||
r-oldrel-macos-x86_64 | 0.0.1 | 43.00 | OK | |||
r-oldrel-windows-x86_64 | 0.0.1 | 3.00 | 49.00 | 52.00 | OK |
Version: 0.0.1
Check: package dependencies
Result: NOTE
Package suggested but not available for checking: ‘testthat’
Flavor: r-devel-linux-x86_64-debian-gcc
Version: 0.0.1
Check: tests
Result: ERROR
Running ‘testthat.R’ [0s/1s]
Running the tests in ‘tests/testthat.R’ failed.
Complete output:
> # This file is part of the standard setup for testthat.
> # It is recommended that you do not modify it.
> #
> # Where should you do additional test configuration?
> # Learn more about the roles of various files in:
> # * https://r-pkgs.org/tests.html
> # * https://testthat.r-lib.org/reference/test_package.html#special-files
>
> library(testthat)
Error in library(testthat) : there is no package called 'testthat'
Execution halted
Flavor: r-devel-linux-x86_64-debian-gcc