Last updated on 2024-06-17 01:48:35 CEST.
Flavor | Version | Tinstall | Tcheck | Ttotal | Status | Flags |
---|---|---|---|---|---|---|
r-devel-linux-x86_64-debian-clang | 0.2.1 | 8.91 | 112.66 | 121.57 | OK | |
r-devel-linux-x86_64-debian-gcc | 0.2.1 | 5.85 | 82.13 | 87.98 | OK | |
r-devel-linux-x86_64-fedora-clang | 0.2.1 | 153.60 | NOTE | |||
r-devel-linux-x86_64-fedora-gcc | 0.2.1 | 151.66 | OK | |||
r-devel-windows-x86_64 | 0.2.1 | 7.00 | 109.00 | 116.00 | OK | |
r-patched-linux-x86_64 | 0.2.1 | 12.48 | 104.69 | 117.17 | OK | |
r-release-linux-x86_64 | 0.2.1 | 5.05 | 106.00 | 111.05 | OK | |
r-release-macos-arm64 | 0.2.1 | 54.00 | OK | |||
r-release-macos-x86_64 | 0.2.1 | 81.00 | OK | |||
r-release-windows-x86_64 | 0.2.1 | 8.00 | 114.00 | 122.00 | OK | |
r-oldrel-macos-arm64 | 0.2.1 | 57.00 | OK | |||
r-oldrel-macos-x86_64 | 0.2.1 | 76.00 | OK | |||
r-oldrel-windows-x86_64 | 0.2.1 | 10.00 | 131.00 | 141.00 | OK |
Version: 0.2.1
Check: Rd cross-references
Result: NOTE
Undeclared package ‘processx’ in Rd xrefs
Flavor: r-devel-linux-x86_64-fedora-clang