Last updated on 2024-06-17 01:48:34 CEST.
Flavor | Version | Tinstall | Tcheck | Ttotal | Status | Flags |
---|---|---|---|---|---|---|
r-devel-linux-x86_64-debian-clang | 2.0.4 | 5.44 | 51.32 | 56.76 | OK | |
r-devel-linux-x86_64-debian-gcc | 2.0.4 | 3.89 | 39.23 | 43.12 | OK | |
r-devel-linux-x86_64-fedora-clang | 2.0.4 | 73.63 | NOTE | |||
r-devel-linux-x86_64-fedora-gcc | 2.0.4 | 67.40 | NOTE | |||
r-devel-windows-x86_64 | 2.0.4 | 6.00 | 73.00 | 79.00 | OK | |
r-patched-linux-x86_64 | 2.0.4 | 6.35 | 52.01 | 58.36 | OK | |
r-release-linux-x86_64 | 2.0.4 | 3.70 | 50.98 | 54.68 | OK | |
r-release-macos-arm64 | 2.0.4 | 26.00 | OK | |||
r-release-macos-x86_64 | 2.0.4 | 35.00 | OK | |||
r-release-windows-x86_64 | 2.0.4 | 7.00 | 72.00 | 79.00 | OK | |
r-oldrel-macos-arm64 | 2.0.4 | 24.00 | OK | |||
r-oldrel-macos-x86_64 | 2.0.4 | 74.00 | OK | |||
r-oldrel-windows-x86_64 | 2.0.4 | 8.00 | 79.00 | 87.00 | OK |
Version: 2.0.4
Check: data for non-ASCII characters
Result: NOTE
Note: found 9 marked UTF-8 strings
Flavors: r-devel-linux-x86_64-fedora-clang, r-devel-linux-x86_64-fedora-gcc