Last updated on 2024-05-20 01:49:24 CEST.
Flavor | Version | Tinstall | Tcheck | Ttotal | Status | Flags |
---|---|---|---|---|---|---|
r-devel-linux-x86_64-debian-clang | 0.3 | 537.44 | 83.34 | 620.78 | OK | |
r-devel-linux-x86_64-debian-gcc | 0.3 | 407.31 | 64.19 | 471.50 | OK | |
r-devel-linux-x86_64-fedora-clang | 0.3 | 838.26 | OK | |||
r-devel-linux-x86_64-fedora-gcc | 0.3 | 1012.11 | OK | |||
r-devel-windows-x86_64 | 0.3 | 380.00 | 114.00 | 494.00 | OK | |
r-patched-linux-x86_64 | 0.3 | 486.88 | 80.82 | 567.70 | OK | |
r-release-linux-x86_64 | 0.3 | 495.89 | 81.51 | 577.40 | OK | |
r-release-macos-arm64 | 0.3 | 138.00 | NOTE | |||
r-release-macos-x86_64 | 0.3 | 185.00 | NOTE | |||
r-release-windows-x86_64 | 0.3 | 386.00 | 111.00 | 497.00 | OK | |
r-oldrel-macos-arm64 | 0.3 | 186.00 | NOTE | |||
r-oldrel-macos-x86_64 | 0.3 | 190.00 | NOTE | |||
r-oldrel-windows-x86_64 | 0.3 | 480.00 | 133.00 | 613.00 | OK |
Version: 0.3
Check: installed package size
Result: NOTE
installed size is 20.4Mb
sub-directories of 1Mb or more:
libs 20.0Mb
Flavors: r-release-macos-arm64, r-release-macos-x86_64, r-oldrel-macos-arm64, r-oldrel-macos-x86_64