Last updated on 2024-05-20 01:49:24 CEST.
Flavor | Version | Tinstall | Tcheck | Ttotal | Status | Flags |
---|---|---|---|---|---|---|
r-devel-linux-x86_64-debian-clang | 0.6.9 | 1127.04 | 337.22 | 1464.26 | OK | |
r-devel-linux-x86_64-debian-gcc | 0.6.9 | 1030.92 | 314.11 | 1345.03 | OK | |
r-devel-linux-x86_64-fedora-clang | 0.6.9 | 1825.10 | NOTE | |||
r-devel-linux-x86_64-fedora-gcc | 0.6.9 | 2672.04 | NOTE | |||
r-devel-windows-x86_64 | 0.6.9 | 867.00 | 317.00 | 1184.00 | NOTE | |
r-patched-linux-x86_64 | 0.6.9 | 963.66 | 417.73 | 1381.39 | OK | |
r-release-linux-x86_64 | 0.6.9 | 0.01 | 2.88 | 2.89 | ERROR | |
r-release-macos-arm64 | 0.6.9 | 430.00 | NOTE | |||
r-release-windows-x86_64 | 0.6.9 | 863.00 | 319.00 | 1182.00 | NOTE | |
r-oldrel-macos-arm64 | 0.6.9 | 610.00 | NOTE | |||
r-oldrel-macos-x86_64 | 0.6.9 | 822.00 | NOTE | |||
r-oldrel-windows-x86_64 | 0.6.9 | 1119.00 | 405.00 | 1524.00 | NOTE |
Version: 0.6.9
Check: installed package size
Result: NOTE
installed size is 9.8Mb
sub-directories of 1Mb or more:
libs 9.0Mb
Flavors: r-devel-linux-x86_64-fedora-clang, r-devel-windows-x86_64, r-release-macos-arm64, r-release-windows-x86_64, r-oldrel-macos-arm64, r-oldrel-macos-x86_64, r-oldrel-windows-x86_64
Version: 0.6.9
Check: for GNU extensions in Makefiles
Result: NOTE
GNU make is a SystemRequirements.
Flavors: r-devel-linux-x86_64-fedora-clang, r-devel-linux-x86_64-fedora-gcc, r-release-macos-arm64, r-oldrel-macos-arm64, r-oldrel-macos-x86_64
Version: 0.6.9
Check: whether package can be installed
Result: ERROR
Installation failed.
Flavor: r-release-linux-x86_64