Last updated on 2024-06-14 01:51:26 CEST.
Flavor | Version | Tinstall | Tcheck | Ttotal | Status | Flags |
---|---|---|---|---|---|---|
r-devel-linux-x86_64-debian-clang | 2.0.1 | 2.22 | 34.98 | 37.20 | OK | |
r-devel-linux-x86_64-debian-gcc | 2.0.1 | 1.49 | 25.56 | 27.05 | ERROR | |
r-devel-linux-x86_64-fedora-clang | 2.0.1 | 47.71 | OK | |||
r-devel-linux-x86_64-fedora-gcc | 2.0.1 | 44.69 | OK | |||
r-devel-windows-x86_64 | 2.0.1 | 3.00 | 57.00 | 60.00 | OK | |
r-patched-linux-x86_64 | 2.0.1 | 2.53 | 33.15 | 35.68 | OK | |
r-release-linux-x86_64 | 2.0.1 | 2.55 | 34.00 | 36.55 | OK | |
r-release-macos-arm64 | 2.0.1 | 22.00 | OK | |||
r-release-macos-x86_64 | 2.0.1 | 40.00 | OK | |||
r-release-windows-x86_64 | 2.0.1 | 4.00 | 57.00 | 61.00 | OK | |
r-oldrel-macos-arm64 | 2.0.1 | 24.00 | OK | |||
r-oldrel-macos-x86_64 | 2.0.1 | 53.00 | OK | |||
r-oldrel-windows-x86_64 | 2.0.1 | 5.00 | 59.00 | 64.00 | OK |
Version: 2.0.1
Check: package dependencies
Result: NOTE
Package suggested but not available for checking: ‘testthat’
Flavor: r-devel-linux-x86_64-debian-gcc
Version: 2.0.1
Check: tests
Result: ERROR
Running ‘testthat.R’ [0s/1s]
Running the tests in ‘tests/testthat.R’ failed.
Complete output:
> library(testthat)
Error in library(testthat) : there is no package called 'testthat'
Execution halted
Flavor: r-devel-linux-x86_64-debian-gcc