Last updated on 2024-06-14 01:51:26 CEST.
Flavor | Version | Tinstall | Tcheck | Ttotal | Status | Flags |
---|---|---|---|---|---|---|
r-devel-linux-x86_64-debian-clang | 0.4.3 | 46.41 | 107.56 | 153.97 | OK | |
r-devel-linux-x86_64-debian-gcc | 0.4.3 | 0.32 | 1.61 | 1.93 | ERROR | |
r-devel-linux-x86_64-fedora-clang | 0.4.3 | 200.53 | OK | |||
r-devel-linux-x86_64-fedora-gcc | 0.4.3 | 185.86 | OK | |||
r-devel-windows-x86_64 | 0.4.3 | 35.00 | 109.00 | 144.00 | OK | |
r-patched-linux-x86_64 | 0.4.3 | 38.40 | 103.97 | 142.37 | OK | |
r-release-linux-x86_64 | 0.4.3 | 26.08 | 101.25 | 127.33 | OK | |
r-release-macos-arm64 | 0.4.3 | 49.00 | OK | |||
r-release-macos-x86_64 | 0.4.3 | 76.00 | OK | |||
r-release-windows-x86_64 | 0.4.3 | 38.00 | 110.00 | 148.00 | OK | |
r-oldrel-macos-arm64 | 0.4.3 | 54.00 | OK | |||
r-oldrel-macos-x86_64 | 0.4.3 | 90.00 | OK | |||
r-oldrel-windows-x86_64 | 0.4.3 | 44.00 | 136.00 | 180.00 | OK |
Version: 0.4.3
Check: package dependencies
Result: ERROR
Packages required but not available: 'ggplot2', 'dplyr', 'tidyr', 'tibble'
See section ‘The DESCRIPTION file’ in the ‘Writing R Extensions’
manual.
Flavor: r-devel-linux-x86_64-debian-gcc