Last updated on 2024-06-14 01:51:26 CEST.
Flavor | Version | Tinstall | Tcheck | Ttotal | Status | Flags |
---|---|---|---|---|---|---|
r-devel-linux-x86_64-debian-clang | 2020.6-17 | 8.78 | 73.76 | 82.54 | NOTE | |
r-devel-linux-x86_64-debian-gcc | 2020.6-17 | 6.10 | 56.05 | 62.15 | NOTE | |
r-devel-linux-x86_64-fedora-clang | 2020.6-17 | 103.22 | NOTE | |||
r-devel-linux-x86_64-fedora-gcc | 2020.6-17 | 107.37 | NOTE | |||
r-devel-windows-x86_64 | 2020.6-17 | 6.00 | 70.00 | 76.00 | NOTE | |
r-patched-linux-x86_64 | 2020.6-17 | 8.25 | 68.62 | 76.87 | NOTE | |
r-release-linux-x86_64 | 2020.6-17 | 7.76 | 71.69 | 79.45 | NOTE | |
r-release-macos-arm64 | 2020.6-17 | 36.00 | NOTE | |||
r-release-macos-x86_64 | 2020.6-17 | 75.00 | NOTE | |||
r-release-windows-x86_64 | 2020.6-17 | 6.00 | 71.00 | 77.00 | NOTE | |
r-oldrel-macos-arm64 | 2020.6-17 | 37.00 | NOTE | |||
r-oldrel-macos-x86_64 | 2020.6-17 | 63.00 | NOTE | |||
r-oldrel-windows-x86_64 | 2020.6-17 | 7.00 | 82.00 | 89.00 | NOTE |
Version: 2020.6-17
Check: package dependencies
Result: NOTE
Package suggested but not available for checking: ‘MethylCapSig’
Flavors: r-devel-linux-x86_64-debian-clang, r-devel-linux-x86_64-debian-gcc, r-devel-linux-x86_64-fedora-clang, r-devel-linux-x86_64-fedora-gcc, r-devel-windows-x86_64, r-patched-linux-x86_64, r-release-linux-x86_64, r-release-macos-arm64, r-release-macos-x86_64, r-release-windows-x86_64, r-oldrel-macos-arm64, r-oldrel-macos-x86_64, r-oldrel-windows-x86_64
Version: 2020.6-17
Check: LazyData
Result: NOTE
'LazyData' is specified without a 'data' directory
Flavors: r-devel-linux-x86_64-debian-clang, r-devel-linux-x86_64-debian-gcc, r-devel-linux-x86_64-fedora-clang, r-devel-linux-x86_64-fedora-gcc, r-devel-windows-x86_64, r-patched-linux-x86_64, r-release-linux-x86_64, r-release-macos-arm64, r-release-macos-x86_64, r-release-windows-x86_64, r-oldrel-macos-arm64, r-oldrel-macos-x86_64, r-oldrel-windows-x86_64